Last updated on 2022-07-06 01:50:25 CEST.
Flavor | Version | Tinstall | Tcheck | Ttotal | Status | Flags |
---|---|---|---|---|---|---|
r-devel-linux-x86_64-debian-clang | 0.4.0 | 7.51 | 83.55 | 91.06 | OK | |
r-devel-linux-x86_64-debian-gcc | 0.4.0 | 4.04 | 62.01 | 66.05 | OK | |
r-devel-linux-x86_64-fedora-clang | 0.4.0 | 116.69 | OK | |||
r-devel-linux-x86_64-fedora-gcc | 0.4.0 | 115.83 | OK | |||
r-devel-windows-x86_64 | 0.4.0 | 23.00 | 116.00 | 139.00 | OK | |
r-patched-linux-x86_64 | 0.4.0 | 6.74 | 78.56 | 85.30 | OK | |
r-release-linux-x86_64 | 0.4.0 | 7.97 | 79.28 | 87.25 | OK | |
r-release-macos-arm64 | 0.4.0 | 44.00 | NOTE | |||
r-release-macos-x86_64 | 0.4.0 | 70.00 | OK | |||
r-release-windows-x86_64 | 0.4.0 | 28.00 | 123.00 | 151.00 | OK | |
r-oldrel-macos-arm64 | 0.4.0 | 48.00 | OK | |||
r-oldrel-macos-x86_64 | 0.4.0 | 68.00 | OK | |||
r-oldrel-windows-ix86+x86_64 | 0.4.0 | 18.00 | 102.00 | 120.00 | OK |
Version: 0.4.0
Check: package dependencies
Result: NOTE
Package suggested but not available for checking: ‘preprocessCore’
Flavor: r-release-macos-arm64