Last updated on 2024-04-19 01:58:44 CEST.
Flavor | Version | Tinstall | Tcheck | Ttotal | Status | Flags |
---|---|---|---|---|---|---|
r-devel-linux-x86_64-debian-clang | 2.19.1 | 3.83 | 35.94 | 39.77 | OK | |
r-devel-linux-x86_64-debian-gcc | 2.19.1 | 2.57 | 27.07 | 29.64 | OK | |
r-devel-linux-x86_64-fedora-clang | 2.19.1 | 49.35 | NOTE | |||
r-devel-linux-x86_64-fedora-gcc | 2.19.1 | 48.60 | OK | |||
r-prerel-macos-arm64 | 2.19.1 | 18.00 | OK | |||
r-prerel-macos-x86_64 | 2.19.1 | 45.00 | OK | |||
r-prerel-windows-x86_64 | 2.19.1 | 4.00 | 47.00 | 51.00 | OK | |
r-patched-linux-x86_64 | 2.19.1 | 4.09 | 34.48 | 38.57 | OK | |
r-release-linux-x86_64 | 2.19.1 | 2.82 | 34.01 | 36.83 | OK | |
r-release-macos-arm64 | 2.19.1 | 37.00 | OK | |||
r-release-macos-x86_64 | 2.19.1 | 44.00 | OK | |||
r-release-windows-x86_64 | 2.19.1 | 5.00 | 50.00 | 55.00 | OK | |
r-oldrel-macos-arm64 | 2.19.1 | 25.00 | OK | |||
r-oldrel-windows-x86_64 | 2.19.1 | 5.00 | 54.00 | 59.00 | OK |
Version: 2.19.1
Check: Rd cross-references
Result: NOTE
Undeclared package ‘rms’ in Rd xrefs
Flavor: r-devel-linux-x86_64-fedora-clang