Last updated on 2024-04-18 01:55:17 CEST.
Flavor | Version | Tinstall | Tcheck | Ttotal | Status | Flags |
---|---|---|---|---|---|---|
r-devel-linux-x86_64-debian-clang | 0.4.0 | 90.93 | 133.86 | 224.79 | OK | |
r-devel-linux-x86_64-debian-gcc | 0.4.0 | 73.05 | 98.37 | 171.42 | OK | |
r-devel-linux-x86_64-fedora-clang | 0.4.0 | 303.35 | OK | |||
r-devel-linux-x86_64-fedora-gcc | 0.4.0 | 321.28 | OK | |||
r-prerel-macos-arm64 | 0.4.0 | 72.00 | NOTE | |||
r-prerel-windows-x86_64 | 0.4.0 | 72.00 | 137.00 | 209.00 | OK | |
r-patched-linux-x86_64 | 0.4.0 | 90.89 | 126.15 | 217.04 | OK | |
r-release-linux-x86_64 | 0.4.0 | 81.49 | 133.43 | 214.92 | OK | |
r-release-macos-arm64 | 0.4.0 | 77.00 | NOTE | |||
r-release-macos-x86_64 | 0.4.0 | 144.00 | NOTE | |||
r-release-windows-x86_64 | 0.4.0 | 94.00 | 170.00 | 264.00 | OK | |
r-oldrel-macos-arm64 | 0.4.0 | 74.00 | NOTE | |||
r-oldrel-windows-x86_64 | 0.4.0 | 87.00 | 164.00 | 251.00 | OK |
Version: 0.4.0
Check: installed package size
Result: NOTE
installed size is 7.3Mb
sub-directories of 1Mb or more:
libs 6.8Mb
Flavors: r-prerel-macos-arm64, r-release-macos-arm64, r-release-macos-x86_64, r-oldrel-macos-arm64