Last updated on 2025-07-17 02:49:26 CEST.
Flavor | Version | Tinstall | Tcheck | Ttotal | Status | Flags |
---|---|---|---|---|---|---|
r-devel-linux-x86_64-debian-clang | 0.2.0 | 6.33 | 56.09 | 62.42 | OK | |
r-devel-linux-x86_64-debian-gcc | 0.2.0 | 4.10 | 40.45 | 44.55 | OK | |
r-devel-linux-x86_64-fedora-clang | 0.2.0 | 91.08 | NOTE | |||
r-devel-linux-x86_64-fedora-gcc | 0.2.0 | 87.19 | NOTE | |||
r-devel-windows-x86_64 | 0.2.0 | 8.00 | 92.00 | 100.00 | OK | |
r-patched-linux-x86_64 | 0.2.0 | 8.13 | 50.72 | 58.85 | OK | |
r-release-linux-x86_64 | 0.2.0 | 5.15 | 51.09 | 56.24 | OK | |
r-release-macos-arm64 | 0.2.0 | 36.00 | OK | |||
r-release-macos-x86_64 | 0.2.0 | 55.00 | OK | |||
r-release-windows-x86_64 | 0.2.0 | 8.00 | 89.00 | 97.00 | OK | |
r-oldrel-macos-arm64 | 0.2.0 | 29.00 | OK | |||
r-oldrel-macos-x86_64 | 0.2.0 | 51.00 | OK | |||
r-oldrel-windows-x86_64 | 0.2.0 | 11.00 | 103.00 | 114.00 | OK |
Version: 0.2.0
Check: dependencies in R code
Result: NOTE
Namespaces in Imports field not imported from:
‘assertthat’ ‘future’ ‘httr’
All declared Imports should be used.
Flavors: r-devel-linux-x86_64-fedora-clang, r-devel-linux-x86_64-fedora-gcc