CRAN Package Check Results for Package grabsampling

Last updated on 2022-07-04 02:53:32 CEST.

Flavor Version Tinstall Tcheck Ttotal Status Flags
r-devel-linux-x86_64-debian-clang 1.0.0 3.27 36.65 39.92 NOTE
r-devel-linux-x86_64-debian-gcc 1.0.0 2.49 27.40 29.89 NOTE
r-devel-linux-x86_64-fedora-clang 1.0.0 57.91 NOTE
r-devel-linux-x86_64-fedora-gcc 1.0.0 57.34 NOTE
r-devel-windows-x86_64 1.0.0 16.00 62.00 78.00 NOTE
r-patched-linux-x86_64 1.0.0 2.89 34.28 37.17 NOTE
r-release-linux-x86_64 1.0.0 3.69 34.71 38.40 NOTE
r-release-macos-arm64 1.0.0 18.00 NOTE
r-release-macos-x86_64 1.0.0 38.00 NOTE
r-release-windows-x86_64 1.0.0 21.00 62.00 83.00 NOTE
r-oldrel-macos-arm64 1.0.0 25.00 NOTE
r-oldrel-macos-x86_64 1.0.0 32.00 NOTE
r-oldrel-windows-ix86+x86_64 1.0.0 7.00 55.00 62.00 NOTE

Check Details

Version: 1.0.0
Check: LazyData
Result: NOTE
     'LazyData' is specified without a 'data' directory
Flavors: r-devel-linux-x86_64-debian-clang, r-devel-linux-x86_64-debian-gcc, r-devel-linux-x86_64-fedora-clang, r-devel-linux-x86_64-fedora-gcc, r-devel-windows-x86_64, r-patched-linux-x86_64, r-release-linux-x86_64, r-release-macos-arm64, r-release-macos-x86_64, r-release-windows-x86_64, r-oldrel-macos-arm64, r-oldrel-macos-x86_64, r-oldrel-windows-ix86+x86_64