CRAN Package Check Results for Package gratia

Last updated on 2020-07-13 23:49:31 CEST.

Flavor Version Tinstall Tcheck Ttotal Status Flags
r-devel-linux-x86_64-debian-clang 0.4.1 15.90 283.49 299.39 OK
r-devel-linux-x86_64-debian-gcc 0.4.1 12.35 208.73 221.08 OK
r-devel-linux-x86_64-fedora-clang 0.4.1 346.76 NOTE
r-devel-linux-x86_64-fedora-gcc 0.4.1 352.62 OK
r-devel-windows-ix86+x86_64 0.4.1 31.00 313.00 344.00 OK
r-patched-linux-x86_64 0.4.1 14.97 272.13 287.10 OK
r-patched-solaris-x86 0.4.1 482.90 OK
r-release-linux-x86_64 0.4.1 15.94 267.00 282.94 OK
r-release-macos-x86_64 0.4.1 ERROR
r-release-windows-ix86+x86_64 0.4.1 36.00 427.00 463.00 OK
r-oldrel-macos-x86_64 0.4.1 OK
r-oldrel-windows-ix86+x86_64 0.4.1 35.00 312.00 347.00 OK

Check Details

Version: 0.4.1
Check: Rd cross-references
Result: NOTE
    Undeclared package ‘carData’ in Rd xrefs
Flavor: r-devel-linux-x86_64-fedora-clang

Version: 0.4.1
Check: whether package can be installed
Result: ERROR
    Installation failed.
Flavor: r-release-macos-x86_64