CRAN Package Check Results for Package grattan

Last updated on 2019-12-10 23:47:23 CET.

Flavor Version Tinstall Tcheck Ttotal Status Flags
r-devel-linux-x86_64-debian-clang 1.8.0.0 101.81 145.38 247.19 NOTE
r-devel-linux-x86_64-debian-gcc 1.8.0.0 59.84 174.97 234.81 NOTE
r-devel-linux-x86_64-fedora-clang 1.8.0.0 298.73 NOTE
r-devel-linux-x86_64-fedora-gcc 1.8.0.0 267.32 NOTE
r-devel-windows-ix86+x86_64 1.8.0.0 204.00 235.00 439.00 NOTE
r-devel-windows-ix86+x86_64-gcc8 1.8.0.0 225.00 151.00 376.00 NOTE
r-patched-linux-x86_64 1.8.0.0 69.56 139.62 209.18 NOTE
r-patched-solaris-x86 1.8.0.0 246.00 NOTE
r-release-linux-x86_64 1.8.0.0 69.39 132.16 201.55 NOTE
r-release-windows-ix86+x86_64 1.8.0.0 150.00 149.00 299.00 NOTE
r-release-osx-x86_64 1.8.0.0 NOTE
r-oldrel-windows-ix86+x86_64 1.8.0.0 146.00 129.00 275.00 NOTE
r-oldrel-osx-x86_64 1.8.0.0 NOTE

Check Details

Version: 1.8.0.0
Check: package dependencies
Result: NOTE
    Packages suggested but not available for checking:
     'taxstats', 'taxstats1516'
Flavors: r-devel-linux-x86_64-debian-clang, r-devel-linux-x86_64-debian-gcc, r-devel-linux-x86_64-fedora-clang, r-devel-linux-x86_64-fedora-gcc, r-devel-windows-ix86+x86_64, r-devel-windows-ix86+x86_64-gcc8, r-patched-linux-x86_64, r-patched-solaris-x86, r-release-linux-x86_64, r-release-windows-ix86+x86_64, r-release-osx-x86_64

Version: 1.8.0.0
Check: package dependencies
Result: NOTE
    Packages suggested but not available for checking:
     'taxstats' 'taxstats1516'
Flavors: r-oldrel-windows-ix86+x86_64, r-oldrel-osx-x86_64