Last updated on 2022-05-23 01:50:10 CEST.
Flavor | Version | Tinstall | Tcheck | Ttotal | Status | Flags |
---|---|---|---|---|---|---|
r-devel-linux-x86_64-debian-clang | 0.6.0 | 384.41 | 368.67 | 753.08 | WARN | |
r-devel-linux-x86_64-debian-gcc | 0.6.0 | 327.05 | 235.71 | 562.76 | OK | |
r-devel-linux-x86_64-fedora-clang | 0.6.0 | 1033.04 | WARN | |||
r-devel-linux-x86_64-fedora-gcc | 0.6.0 | 931.72 | NOTE | |||
r-devel-windows-x86_64 | 0.6.0 | 310.00 | 396.00 | 706.00 | OK | |
r-patched-linux-x86_64 | 0.6.0 | 366.12 | 308.30 | 674.42 | OK | |
r-release-linux-x86_64 | 0.6.0 | 349.31 | 306.21 | 655.52 | OK | |
r-release-macos-arm64 | 0.6.0 | 205.00 | NOTE | |||
r-release-macos-x86_64 | 0.6.0 | 370.00 | NOTE | |||
r-release-windows-x86_64 | 0.6.0 | 308.00 | 371.00 | 679.00 | FAIL | |
r-oldrel-macos-arm64 | 0.6.0 | 199.00 | NOTE | |||
r-oldrel-macos-x86_64 | 0.6.0 | 268.00 | NOTE | |||
r-oldrel-windows-ix86+x86_64 | 0.6.0 | 926.00 | 697.00 | 1623.00 | NOTE |
Version: 0.6.0
Check: whether package can be installed
Result: WARN
Found the following significant warnings:
SimpleIclCoModel.cpp:219:6: warning: use of bitwise '&' with boolean operands [-Wbitwise-instead-of-logical]
SimpleIclCoModel.cpp:223:6: warning: use of bitwise '&' with boolean operands [-Wbitwise-instead-of-logical]
Flavors: r-devel-linux-x86_64-debian-clang, r-devel-linux-x86_64-fedora-clang
Version: 0.6.0
Check: installed package size
Result: NOTE
installed size is 17.3Mb
sub-directories of 1Mb or more:
libs 14.9Mb
Flavors: r-devel-linux-x86_64-fedora-clang, r-release-macos-arm64, r-release-macos-x86_64, r-oldrel-macos-arm64, r-oldrel-macos-x86_64, r-oldrel-windows-ix86+x86_64
Version: 0.6.0
Check: data for non-ASCII characters
Result: NOTE
Note: found 989 marked UTF-8 strings
Flavors: r-devel-linux-x86_64-fedora-clang, r-devel-linux-x86_64-fedora-gcc, r-release-macos-arm64, r-release-macos-x86_64, r-oldrel-macos-arm64, r-oldrel-macos-x86_64
Version: 0.6.0
Check: re-building of vignette outputs
Result: FAIL
Flavor: r-release-windows-x86_64