Last updated on 2024-03-28 01:53:59 CET.
Flavor | Version | Tinstall | Tcheck | Ttotal | Status | Flags |
---|---|---|---|---|---|---|
r-devel-linux-x86_64-debian-clang | 2.3.2 | 439.94 | 101.44 | 541.38 | NOTE | |
r-devel-linux-x86_64-debian-gcc | 2.3.2 | 317.29 | 86.17 | 403.46 | NOTE | |
r-devel-linux-x86_64-fedora-clang | 2.3.2 | 807.06 | NOTE | |||
r-devel-linux-x86_64-fedora-gcc | 2.3.2 | 758.87 | NOTE | |||
r-devel-windows-x86_64 | 2.3.2 | 312.00 | 133.00 | 445.00 | NOTE | |
r-patched-linux-x86_64 | 2.3.2 | 393.06 | 113.35 | 506.41 | NOTE | |
r-release-linux-x86_64 | 2.3.2 | 406.43 | 110.52 | 516.95 | NOTE | |
r-release-macos-arm64 | 2.3.2 | 129.00 | NOTE | |||
r-release-macos-x86_64 | 2.3.2 | 161.00 | NOTE | |||
r-release-windows-x86_64 | 2.3.2 | 389.00 | 160.00 | 549.00 | NOTE | |
r-oldrel-macos-arm64 | 2.3.2 | 127.00 | NOTE | |||
r-oldrel-windows-x86_64 | 2.3.2 | 342.00 | 147.00 | 489.00 | NOTE |
Version: 2.3.2
Check: for GNU extensions in Makefiles
Result: NOTE
GNU make is a SystemRequirements.
Flavors: r-devel-linux-x86_64-debian-clang, r-devel-linux-x86_64-debian-gcc, r-devel-linux-x86_64-fedora-clang, r-devel-linux-x86_64-fedora-gcc, r-devel-windows-x86_64, r-patched-linux-x86_64, r-release-linux-x86_64, r-release-macos-arm64, r-release-macos-x86_64, r-release-windows-x86_64, r-oldrel-macos-arm64, r-oldrel-windows-x86_64
Version: 2.3.2
Check: installed package size
Result: NOTE
installed size is 28.8Mb
sub-directories of 1Mb or more:
libs 28.3Mb
Flavors: r-release-macos-arm64, r-release-macos-x86_64, r-oldrel-macos-arm64