Last updated on 2024-04-18 01:55:18 CEST.
Flavor | Version | Tinstall | Tcheck | Ttotal | Status | Flags |
---|---|---|---|---|---|---|
r-devel-linux-x86_64-debian-clang | 0.6 | 6.02 | 118.92 | 124.94 | OK | |
r-devel-linux-x86_64-debian-gcc | 0.6 | 4.68 | 82.48 | 87.16 | OK | |
r-devel-linux-x86_64-fedora-clang | 0.6 | 150.49 | NOTE | |||
r-devel-linux-x86_64-fedora-gcc | 0.6 | 156.35 | NOTE | |||
r-prerel-macos-arm64 | 0.6 | 50.00 | OK | |||
r-prerel-windows-x86_64 | 0.6 | 7.00 | 108.00 | 115.00 | OK | |
r-patched-linux-x86_64 | 0.6 | 5.85 | 112.56 | 118.41 | OK | |
r-release-linux-x86_64 | 0.6 | 4.73 | 114.72 | 119.45 | OK | |
r-release-macos-arm64 | 0.6 | 52.00 | OK | |||
r-release-macos-x86_64 | 0.6 | 84.00 | OK | |||
r-release-windows-x86_64 | 0.6 | 9.00 | 125.00 | 134.00 | OK | |
r-oldrel-macos-arm64 | 0.6 | 43.00 | NOTE | |||
r-oldrel-windows-x86_64 | 0.6 | 10.00 | 130.00 | 140.00 | OK |
Version: 0.6
Check: dependencies in R code
Result: NOTE
Namespace in Imports field not imported from: ‘BiasedUrn’
All declared Imports should be used.
Flavors: r-devel-linux-x86_64-fedora-clang, r-devel-linux-x86_64-fedora-gcc, r-oldrel-macos-arm64