Last updated on 2024-04-23 01:57:01 CEST.
Flavor | Version | Tinstall | Tcheck | Ttotal | Status | Flags |
---|---|---|---|---|---|---|
r-devel-linux-x86_64-debian-clang | 1.3.5 | 5.65 | 660.53 | 666.18 | NOTE | |
r-devel-linux-x86_64-debian-gcc | 1.3.5 | 4.61 | 412.70 | 417.31 | NOTE | |
r-devel-linux-x86_64-fedora-clang | 1.3.5 | 761.46 | NOTE | |||
r-devel-linux-x86_64-fedora-gcc | 1.3.5 | 755.41 | NOTE | |||
r-prerel-macos-arm64 | 1.3.5 | 158.00 | NOTE | |||
r-prerel-windows-x86_64 | 1.3.5 | 7.00 | 347.00 | 354.00 | NOTE | |
r-patched-linux-x86_64 | 1.3.5 | 6.38 | 624.44 | 630.82 | NOTE | |
r-release-linux-x86_64 | 1.3.5 | 3.73 | 592.98 | 596.71 | OK | |
r-release-macos-arm64 | 1.3.5 | 153.00 | OK | |||
r-release-macos-x86_64 | 1.3.5 | 335.00 | OK | |||
r-release-windows-x86_64 | 1.3.5 | 8.00 | 450.00 | 458.00 | OK | |
r-oldrel-macos-arm64 | 1.3.5 | 158.00 | OK | |||
r-oldrel-windows-x86_64 | 1.3.5 | 8.00 | 451.00 | 459.00 | OK |
Version: 1.3.5
Check: Rd files
Result: NOTE
checkRd: (-1) sample_cm_per_click.Rd:13: Lost braces; missing escapes or markup?
13 | \item{priors}{Optional list of priors {alpha0, beta0} for Beta, {k0, theta0} for Gamma Inverse Revenue,
| ^
checkRd: (-1) sample_cm_per_click.Rd:13: Lost braces; missing escapes or markup?
13 | \item{priors}{Optional list of priors {alpha0, beta0} for Beta, {k0, theta0} for Gamma Inverse Revenue,
| ^
checkRd: (-1) sample_cm_per_click.Rd:14: Lost braces; missing escapes or markup?
14 | and {k01, theta01} for Gamma Cost (uses alternate priors so they can be different from Revenue).
| ^
checkRd: (-1) sample_cpa.Rd:13: Lost braces; missing escapes or markup?
13 | \item{priors}{Optional list of priors {alpha0, beta0} for Beta and {k0, theta0}
| ^
checkRd: (-1) sample_cpa.Rd:13: Lost braces; missing escapes or markup?
13 | \item{priors}{Optional list of priors {alpha0, beta0} for Beta and {k0, theta0}
| ^
checkRd: (-1) sample_cpc.Rd:12: Lost braces; missing escapes or markup?
12 | \item{priors}{Optional list of priors {k0, theta0} for Gamma.
| ^
checkRd: (-1) sample_rev_per_session.Rd:13: Lost braces; missing escapes or markup?
13 | \item{priors}{Optional list of priors {alpha0, beta0} for Beta
| ^
checkRd: (-1) sample_rev_per_session.Rd:14: Lost braces; missing escapes or markup?
14 | and {k0, theta0} for Gamma. Default \eqn{Beta(1,1)}
| ^
checkRd: (-1) sample_total_cm.Rd:13: Lost braces; missing escapes or markup?
13 | \item{priors}{Optional list of priors {alpha0, beta0} for Beta,
| ^
checkRd: (-1) sample_total_cm.Rd:14: Lost braces; missing escapes or markup?
14 | {k0, theta0} for Gamma Inverse Revenue, and {k01, theta01} for
| ^
checkRd: (-1) sample_total_cm.Rd:14: Lost braces; missing escapes or markup?
14 | {k0, theta0} for Gamma Inverse Revenue, and {k01, theta01} for
| ^
Flavors: r-devel-linux-x86_64-debian-clang, r-devel-linux-x86_64-debian-gcc, r-devel-linux-x86_64-fedora-clang, r-devel-linux-x86_64-fedora-gcc, r-prerel-macos-arm64, r-prerel-windows-x86_64, r-patched-linux-x86_64