CRAN Package Check Results for Package groupICA

Last updated on 2025-04-30 02:50:40 CEST.

Flavor Version Tinstall Tcheck Ttotal Status Flags
r-devel-linux-x86_64-debian-clang 0.1.1 1.83 21.15 22.98 NOTE
r-devel-linux-x86_64-debian-gcc 0.1.1 1.45 17.15 18.60 NOTE
r-devel-linux-x86_64-fedora-clang 0.1.1 36.53 OK
r-devel-linux-x86_64-fedora-gcc 0.1.1 34.17 OK
r-devel-windows-x86_64 0.1.1 3.00 47.00 50.00 OK
r-patched-linux-x86_64 0.1.1 1.85 20.52 22.37 OK
r-release-linux-x86_64 0.1.1 1.83 20.59 22.42 OK
r-release-macos-arm64 0.1.1 18.00 OK
r-release-macos-x86_64 0.1.1 25.00 OK
r-release-windows-x86_64 0.1.1 3.00 45.00 48.00 OK
r-oldrel-macos-arm64 0.1.1 14.00 NOTE
r-oldrel-macos-x86_64 0.1.1 22.00 NOTE
r-oldrel-windows-x86_64 0.1.1 3.00 44.00 47.00 NOTE

Check Details

Version: 0.1.1
Check: CRAN incoming feasibility
Result: NOTE Maintainer: ‘Niklas Pfister <pfister@stat.math.ethz.ch>’ No Authors@R field in DESCRIPTION. Please add one, modifying Authors@R: c(person(given = "Niklas", family = "Pfister", role = c("aut", "cre"), email = "pfister@stat.math.ethz.ch"), person(given = "Sebastian", family = "Weichwald", role = "aut")) as necessary. Flavors: r-devel-linux-x86_64-debian-clang, r-devel-linux-x86_64-debian-gcc

Version: 0.1.1
Check: LazyData
Result: NOTE 'LazyData' is specified without a 'data' directory Flavors: r-oldrel-macos-arm64, r-oldrel-macos-x86_64, r-oldrel-windows-x86_64