Last updated on 2024-04-26 01:53:09 CEST.
Flavor | Version | Tinstall | Tcheck | Ttotal | Status | Flags |
---|---|---|---|---|---|---|
r-devel-linux-x86_64-debian-clang | 0.0.3 | 2.21 | 114.09 | 116.30 | OK | |
r-devel-linux-x86_64-debian-gcc | 0.0.3 | 2.28 | 80.12 | 82.40 | OK | |
r-devel-linux-x86_64-fedora-clang | 0.0.3 | 143.75 | NOTE | |||
r-devel-linux-x86_64-fedora-gcc | 0.0.3 | 157.98 | NOTE | |||
r-devel-windows-x86_64 | 0.0.3 | 4.00 | 104.00 | 108.00 | OK | |
r-patched-linux-x86_64 | 0.0.3 | 3.37 | 109.82 | 113.19 | OK | |
r-release-linux-x86_64 | 0.0.3 | 3.36 | 107.12 | 110.48 | OK | |
r-release-macos-arm64 | 0.0.3 | 42.00 | OK | |||
r-release-windows-x86_64 | 0.0.3 | 3.00 | 98.00 | 101.00 | OK | |
r-oldrel-macos-arm64 | 0.0.3 | 46.00 | OK | |||
r-oldrel-macos-x86_64 | 0.0.3 | 78.00 | OK | |||
r-oldrel-windows-x86_64 | 0.0.3 | 4.00 | 121.00 | 125.00 | OK |
Version: 0.0.3
Check: dependencies in R code
Result: NOTE
Namespaces in Imports field not imported from:
‘MASS’ ‘rjags’
All declared Imports should be used.
Flavors: r-devel-linux-x86_64-fedora-clang, r-devel-linux-x86_64-fedora-gcc