CRAN Package Check Results for Package groupedSurv

Last updated on 2020-02-25 15:47:55 CET.

Flavor Version Tinstall Tcheck Ttotal Status Flags
r-devel-linux-x86_64-debian-clang 1.0.4.1 100.33 49.12 149.45 OK
r-devel-linux-x86_64-debian-gcc 1.0.4.1 63.79 38.74 102.53 OK
r-devel-linux-x86_64-fedora-clang 1.0.4.1 206.77 NOTE
r-devel-linux-x86_64-fedora-gcc 1.0.4.1 185.32 OK
r-devel-windows-ix86+x86_64 1.0.4.1 165.00 99.00 264.00 OK
r-devel-windows-ix86+x86_64-gcc8 1.0.4.1 207.00 103.00 310.00 OK
r-patched-linux-x86_64 1.0.4.1 74.70 45.43 120.13 OK
r-patched-solaris-x86 1.0.4.1 178.00 OK
r-release-linux-x86_64 1.0.4.1 79.34 45.61 124.95 OK
r-release-windows-ix86+x86_64 1.0.4.1 164.00 98.00 262.00 OK
r-release-osx-x86_64 1.0.4.1 NOTE
r-oldrel-windows-ix86+x86_64 1.0.4.1 194.00 91.00 285.00 OK
r-oldrel-osx-x86_64 1.0.4.1 NOTE

Check Details

Version: 1.0.4.1
Check: installed package size
Result: NOTE
     installed size is 8.8Mb
     sub-directories of 1Mb or more:
     libs 8.3Mb
Flavors: r-devel-linux-x86_64-fedora-clang, r-release-osx-x86_64, r-oldrel-osx-x86_64