CRAN Package Check Results for Package growfunctions

Last updated on 2019-12-10 23:47:23 CET.

Flavor Version Tinstall Tcheck Ttotal Status Flags
r-devel-linux-x86_64-debian-clang 0.14 254.71 106.41 361.12 OK
r-devel-linux-x86_64-debian-gcc 0.14 200.94 79.63 280.57 OK
r-devel-linux-x86_64-fedora-clang 0.14 487.04 NOTE
r-devel-linux-x86_64-fedora-gcc 0.14 515.25 OK
r-devel-windows-ix86+x86_64 0.14 437.00 236.00 673.00 OK
r-devel-windows-ix86+x86_64-gcc8 0.14 473.00 184.00 657.00 OK
r-patched-linux-x86_64 0.14 208.10 92.31 300.41 OK
r-patched-solaris-x86 0.14 442.30 OK
r-release-linux-x86_64 0.14 204.93 93.71 298.64 OK
r-release-windows-ix86+x86_64 0.14 378.00 171.00 549.00 OK
r-release-osx-x86_64 0.14 NOTE
r-oldrel-windows-ix86+x86_64 0.14 358.00 156.00 514.00 OK
r-oldrel-osx-x86_64 0.14 NOTE

Check Details

Version: 0.14
Check: installed package size
Result: NOTE
     installed size is 17.4Mb
     sub-directories of 1Mb or more:
     libs 17.0Mb
Flavors: r-devel-linux-x86_64-fedora-clang, r-release-osx-x86_64, r-oldrel-osx-x86_64