Last updated on 2024-04-18 01:55:18 CEST.
Flavor | Version | Tinstall | Tcheck | Ttotal | Status | Flags |
---|---|---|---|---|---|---|
r-devel-linux-x86_64-debian-clang | 0.16 | 281.57 | 143.99 | 425.56 | OK | |
r-devel-linux-x86_64-debian-gcc | 0.16 | 242.72 | 101.65 | 344.37 | OK | |
r-devel-linux-x86_64-fedora-clang | 0.16 | 590.27 | OK | |||
r-devel-linux-x86_64-fedora-gcc | 0.16 | 629.50 | OK | |||
r-prerel-macos-arm64 | 0.16 | 118.00 | NOTE | |||
r-prerel-windows-x86_64 | 0.16 | 219.00 | 137.00 | 356.00 | OK | |
r-patched-linux-x86_64 | 0.16 | 295.54 | 133.08 | 428.62 | OK | |
r-release-linux-x86_64 | 0.16 | 285.71 | 131.52 | 417.23 | OK | |
r-release-macos-arm64 | 0.16 | 127.00 | NOTE | |||
r-release-macos-x86_64 | 0.16 | 178.00 | NOTE | |||
r-release-windows-x86_64 | 0.16 | 279.00 | 181.00 | 460.00 | OK | |
r-oldrel-macos-arm64 | 0.16 | 141.00 | NOTE | |||
r-oldrel-windows-x86_64 | 0.16 | 263.00 | 167.00 | 430.00 | OK |
Version: 0.16
Check: installed package size
Result: NOTE
installed size is 13.3Mb
sub-directories of 1Mb or more:
libs 12.8Mb
Flavors: r-prerel-macos-arm64, r-release-macos-arm64, r-release-macos-x86_64, r-oldrel-macos-arm64