Last updated on 2024-04-25 01:55:15 CEST.
Flavor | Version | Tinstall | Tcheck | Ttotal | Status | Flags |
---|---|---|---|---|---|---|
r-devel-linux-x86_64-debian-clang | 0.3-5 | 80.13 | 166.10 | 246.23 | NOTE | |
r-devel-linux-x86_64-debian-gcc | 0.3-5 | 50.46 | 122.96 | 173.42 | NOTE | |
r-devel-linux-x86_64-fedora-clang | 0.3-5 | 323.79 | NOTE | |||
r-devel-linux-x86_64-fedora-gcc | 0.3-5 | 319.77 | NOTE | |||
r-devel-windows-x86_64 | 0.3-5 | 61.00 | 176.00 | 237.00 | NOTE | |
r-patched-linux-x86_64 | 0.3-5 | 73.77 | 162.54 | 236.31 | NOTE | |
r-release-linux-x86_64 | 0.3-5 | 69.34 | 161.63 | 230.97 | OK | |
r-release-macos-arm64 | 0.3-5 | 73.00 | NOTE | |||
r-release-windows-x86_64 | 0.3-5 | 58.00 | 173.00 | 231.00 | NOTE | |
r-oldrel-macos-arm64 | 0.3-5 | 81.00 | OK | |||
r-oldrel-macos-x86_64 | 0.3-5 | 138.00 | OK | |||
r-oldrel-windows-x86_64 | 0.3-5 | 60.00 | 222.00 | 282.00 | OK |
Version: 0.3-5
Check: Rd files
Result: NOTE
checkRd: (-1) besselap.Rd:58: Lost braces
58 | Thomas Sailer, email{t.sailer@alumni.ethz.ch}.\cr Conversion to R by
| ^
checkRd: (-1) diric.Rd:25: Lost braces; missing escapes or markup?
25 | evaluated at the elements of the input array {x}.
| ^
Flavors: r-devel-linux-x86_64-debian-clang, r-devel-linux-x86_64-debian-gcc, r-devel-linux-x86_64-fedora-clang, r-devel-linux-x86_64-fedora-gcc, r-devel-windows-x86_64, r-patched-linux-x86_64, r-release-macos-arm64, r-release-windows-x86_64