Last updated on 2025-05-02 01:51:58 CEST.
Flavor | Version | Tinstall | Tcheck | Ttotal | Status | Flags |
---|---|---|---|---|---|---|
r-devel-linux-x86_64-debian-clang | 1.4.1 | 19.12 | 80.71 | 99.83 | NOTE | |
r-devel-linux-x86_64-debian-gcc | 1.4.1 | 12.96 | 57.55 | 70.51 | OK | |
r-devel-linux-x86_64-fedora-clang | 1.4.1 | 153.24 | OK | |||
r-devel-linux-x86_64-fedora-gcc | 1.4.1 | 147.78 | OK | |||
r-devel-windows-x86_64 | 1.4.1 | 26.00 | 187.00 | 213.00 | OK | |
r-patched-linux-x86_64 | 1.4.1 | 17.51 | 77.35 | 94.86 | OK | |
r-release-linux-x86_64 | OK | |||||
r-release-macos-arm64 | 1.4.1 | 55.00 | OK | |||
r-release-macos-x86_64 | 1.4.1 | 88.00 | OK | |||
r-release-windows-x86_64 | 1.4.1 | 25.00 | 123.00 | 148.00 | OK | |
r-oldrel-macos-arm64 | 1.4.1 | 60.00 | OK | |||
r-oldrel-macos-x86_64 | 1.4.1 | 136.00 | NOTE | |||
r-oldrel-windows-x86_64 | 1.4.1 | 29.00 | 132.00 | 161.00 | OK |
Version: 1.4.1
Check: examples
Result: NOTE
Examples with CPU (user + system) or elapsed time > 5s
user system elapsed
gsl_nls_large 3.9 0.012 5.013
Flavor: r-devel-linux-x86_64-debian-clang
Version: 1.4.1
Check: installed package size
Result: NOTE
installed size is 5.1Mb
sub-directories of 1Mb or more:
libs 4.7Mb
Flavor: r-oldrel-macos-x86_64