Last updated on 2024-08-16 01:48:20 CEST.
Flavor | Version | Tinstall | Tcheck | Ttotal | Status | Flags |
---|---|---|---|---|---|---|
r-devel-linux-x86_64-debian-clang | 1.3.2 | 15.93 | 72.39 | 88.32 | OK | |
r-devel-linux-x86_64-debian-gcc | 1.3.2 | 11.31 | 51.23 | 62.54 | OK | |
r-devel-linux-x86_64-fedora-clang | 1.3.2 | 141.62 | NOTE | |||
r-devel-linux-x86_64-fedora-gcc | 1.3.2 | 134.09 | OK | |||
r-devel-windows-x86_64 | 1.3.2 | 19.00 | 98.00 | 117.00 | OK | |
r-patched-linux-x86_64 | 1.3.2 | 15.72 | 68.41 | 84.13 | OK | |
r-release-linux-x86_64 | 1.3.2 | 13.06 | 68.34 | 81.40 | OK | |
r-release-macos-arm64 | 1.3.2 | 48.00 | OK | |||
r-release-macos-x86_64 | 1.3.2 | 65.00 | OK | |||
r-release-windows-x86_64 | 1.3.2 | 20.00 | 99.00 | 119.00 | OK | |
r-oldrel-macos-arm64 | 1.3.2 | 55.00 | OK | |||
r-oldrel-macos-x86_64 | 1.3.2 | 128.00 | OK | |||
r-oldrel-windows-x86_64 | 1.3.2 | 18.00 | 117.00 | 135.00 | OK |
Version: 1.3.2
Check: installed package size
Result: NOTE
installed size is 5.4Mb
sub-directories of 1Mb or more:
libs 5.0Mb
Flavor: r-devel-linux-x86_64-fedora-clang