Last updated on 2024-04-18 01:55:18 CEST.
Flavor | Version | Tinstall | Tcheck | Ttotal | Status | Flags |
---|---|---|---|---|---|---|
r-devel-linux-x86_64-debian-clang | 1.5.1 | 7.74 | 56.33 | 64.07 | OK | |
r-devel-linux-x86_64-debian-gcc | 1.5.1 | 6.23 | 43.11 | 49.34 | OK | |
r-devel-linux-x86_64-fedora-clang | 1.5.1 | 80.23 | NOTE | |||
r-devel-linux-x86_64-fedora-gcc | 1.5.1 | 74.84 | NOTE | |||
r-prerel-macos-arm64 | 1.5.1 | 29.00 | OK | |||
r-prerel-windows-x86_64 | 1.5.1 | 8.00 | 59.00 | 67.00 | OK | |
r-patched-linux-x86_64 | 1.5.1 | 7.67 | 54.24 | 61.91 | OK | |
r-release-linux-x86_64 | 1.5.1 | 8.47 | 52.25 | 60.72 | OK | |
r-release-macos-arm64 | 1.5.1 | 30.00 | OK | |||
r-release-macos-x86_64 | 1.5.1 | 43.00 | OK | |||
r-release-windows-x86_64 | 1.5.1 | 12.00 | 67.00 | 79.00 | OK | |
r-oldrel-macos-arm64 | 1.5.1 | 34.00 | NOTE | |||
r-oldrel-windows-x86_64 | 1.5.1 | 12.00 | 71.00 | 83.00 | OK |
Version: 1.5.1
Check: data for non-ASCII characters
Result: NOTE
Note: found 269 marked UTF-8 strings
Flavors: r-devel-linux-x86_64-fedora-clang, r-devel-linux-x86_64-fedora-gcc, r-oldrel-macos-arm64