Last updated on 2024-04-26 01:53:09 CEST.
Flavor | Version | Tinstall | Tcheck | Ttotal | Status | Flags |
---|---|---|---|---|---|---|
r-devel-linux-x86_64-debian-clang | 1.7.2 | 25.61 | 243.35 | 268.96 | NOTE | |
r-devel-linux-x86_64-debian-gcc | 1.7.2 | 19.57 | 178.33 | 197.90 | NOTE | |
r-devel-linux-x86_64-fedora-clang | 1.7.2 | 325.83 | NOTE | |||
r-devel-linux-x86_64-fedora-gcc | 1.7.2 | 323.64 | NOTE | |||
r-devel-windows-x86_64 | 1.7.2 | 20.00 | 206.00 | 226.00 | NOTE | |
r-patched-linux-x86_64 | 1.7.2 | 18.20 | 230.02 | 248.22 | NOTE | |
r-release-linux-x86_64 | 1.7.2 | 26.24 | 235.53 | 261.77 | OK | |
r-release-macos-arm64 | 1.7.2 | 94.00 | NOTE | |||
r-release-windows-x86_64 | 1.7.2 | 19.00 | 202.00 | 221.00 | NOTE | |
r-oldrel-macos-arm64 | 1.7.2 | 87.00 | OK | |||
r-oldrel-macos-x86_64 | 1.7.2 | 197.00 | OK | |||
r-oldrel-windows-x86_64 | 1.7.2 | 27.00 | 255.00 | 282.00 | OK |
Version: 1.7.2
Check: Rd files
Result: NOTE
checkRd: (-1) as_flex_table.Rd:24: Lost braces; missing escapes or markup?
24 | A {flextable} object
| ^
checkRd: (-1) as_hux_table.Rd:37: Lost braces; missing escapes or markup?
37 | A {huxtable} object
| ^
checkRd: (-1) as_kable_extra.Rd:42: Lost braces; missing escapes or markup?
42 | and {kableExtra}; \code{as_kable_extra()} supports arguments in \code{knitr::kable()}.
| ^
checkRd: (-1) as_kable_extra.Rd:37: Lost braces; missing escapes or markup?
37 | A {kableExtra} table
| ^
checkRd: (-1) select_helpers.Rd:53: Lost braces; missing escapes or markup?
53 | Set of functions to supplement the {tidyselect} set of
| ^
checkRd: (-1) tbl_summary.Rd:91: Lost braces; missing escapes or markup?
91 | from the \\{tidyselect\\} package and \\{gtsummary\\} package are available to
| ^
checkRd: (-1) tbl_summary.Rd:91: Lost braces; missing escapes or markup?
91 | from the \\{tidyselect\\} package and \\{gtsummary\\} package are available to
| ^
checkRd: (-1) tbl_svysummary.Rd:183: Lost braces; missing escapes or markup?
183 | from the \\{tidyselect\\} package and \\{gtsummary\\} package are available to
| ^
checkRd: (-1) tbl_svysummary.Rd:183: Lost braces; missing escapes or markup?
183 | from the \\{tidyselect\\} package and \\{gtsummary\\} package are available to
| ^
Flavors: r-devel-linux-x86_64-debian-clang, r-devel-linux-x86_64-debian-gcc, r-devel-linux-x86_64-fedora-clang, r-devel-linux-x86_64-fedora-gcc, r-devel-windows-x86_64, r-patched-linux-x86_64, r-release-macos-arm64, r-release-windows-x86_64