Last updated on 2024-04-23 01:57:01 CEST.
Flavor | Version | Tinstall | Tcheck | Ttotal | Status | Flags |
---|---|---|---|---|---|---|
r-devel-linux-x86_64-debian-clang | 1.0.0 | 2.70 | 24.63 | 27.33 | NOTE | |
r-devel-linux-x86_64-debian-gcc | 1.0.0 | 2.06 | 19.02 | 21.08 | NOTE | |
r-devel-linux-x86_64-fedora-clang | 1.0.0 | 34.18 | NOTE | |||
r-devel-linux-x86_64-fedora-gcc | 1.0.0 | 31.99 | NOTE | |||
r-prerel-macos-arm64 | 1.0.0 | 16.00 | NOTE | |||
r-prerel-windows-x86_64 | 1.0.0 | 4.00 | 41.00 | 45.00 | NOTE | |
r-patched-linux-x86_64 | 1.0.0 | 2.06 | 24.30 | 26.36 | NOTE | |
r-release-linux-x86_64 | 1.0.0 | 1.62 | 23.31 | 24.93 | NOTE | |
r-release-macos-arm64 | 1.0.0 | 18.00 | NOTE | |||
r-release-macos-x86_64 | 1.0.0 | 21.00 | NOTE | |||
r-release-windows-x86_64 | 1.0.0 | 4.00 | 41.00 | 45.00 | NOTE | |
r-oldrel-macos-arm64 | 1.0.0 | 17.00 | NOTE | |||
r-oldrel-windows-x86_64 | 1.0.0 | 4.00 | 45.00 | 49.00 | NOTE |
Version: 1.0.0
Check: LazyData
Result: NOTE
'LazyData' is specified without a 'data' directory
Flavors: r-devel-linux-x86_64-debian-clang, r-devel-linux-x86_64-debian-gcc, r-devel-linux-x86_64-fedora-clang, r-devel-linux-x86_64-fedora-gcc, r-prerel-macos-arm64, r-prerel-windows-x86_64, r-patched-linux-x86_64, r-release-linux-x86_64, r-release-macos-arm64, r-release-macos-x86_64, r-release-windows-x86_64, r-oldrel-macos-arm64, r-oldrel-windows-x86_64