Last updated on 2022-05-24 01:49:53 CEST.
Flavor | Version | Tinstall | Tcheck | Ttotal | Status | Flags |
---|---|---|---|---|---|---|
r-devel-linux-x86_64-debian-clang | 0.1.3 | 35.96 | 124.33 | 160.29 | OK | |
r-devel-linux-x86_64-debian-gcc | 0.1.3 | 24.63 | 90.97 | 115.60 | OK | |
r-devel-linux-x86_64-fedora-clang | 0.1.3 | 187.83 | NOTE | |||
r-devel-linux-x86_64-fedora-gcc | 0.1.3 | 179.59 | NOTE | |||
r-devel-windows-x86_64 | 0.1.3 | 36.00 | 147.00 | 183.00 | OK | |
r-patched-linux-x86_64 | 0.1.3 | 23.44 | 113.06 | 136.50 | OK | |
r-release-linux-x86_64 | 0.1.3 | OK | ||||
r-release-macos-arm64 | 0.1.3 | 47.00 | NOTE | |||
r-release-macos-x86_64 | 0.1.3 | 83.00 | NOTE | |||
r-release-windows-x86_64 | 0.1.3 | 39.00 | 149.00 | 188.00 | OK | |
r-oldrel-macos-arm64 | 0.1.3 | 57.00 | NOTE | |||
r-oldrel-macos-x86_64 | 0.1.3 | 65.00 | NOTE | |||
r-oldrel-windows-ix86+x86_64 | 0.1.3 | 81.00 | 191.00 | 272.00 | OK |
Version: 0.1.3
Check: dependencies in R code
Result: NOTE
Namespaces in Imports field not imported from:
‘DT’ ‘attempt’ ‘corpcor’ ‘glue’ ‘htmltools’ ‘pkgload’ ‘processx’
‘tools’
All declared Imports should be used.
Flavors: r-devel-linux-x86_64-fedora-clang, r-devel-linux-x86_64-fedora-gcc, r-release-macos-arm64, r-release-macos-x86_64, r-oldrel-macos-arm64, r-oldrel-macos-x86_64