Last updated on 2025-11-02 02:50:46 CET.
| Flavor | Version | Tinstall | Tcheck | Ttotal | Status | Flags |
|---|---|---|---|---|---|---|
| r-devel-linux-x86_64-debian-clang | 0.2-2 | 5.01 | 48.06 | 53.07 | NOTE | |
| r-devel-linux-x86_64-debian-gcc | 0.2-2 | 4.06 | 34.63 | 38.69 | NOTE | |
| r-devel-linux-x86_64-fedora-clang | 0.2-2 | 24.00 | 63.25 | 87.25 | OK | |
| r-devel-linux-x86_64-fedora-gcc | 0.2-2 | 11.00 | 63.43 | 74.43 | OK | |
| r-devel-windows-x86_64 | 0.2-2 | 6.00 | 59.00 | 65.00 | OK | |
| r-patched-linux-x86_64 | 0.2-2 | 5.67 | 45.72 | 51.39 | OK | |
| r-release-linux-x86_64 | 0.2-2 | 5.37 | 45.27 | 50.64 | OK | |
| r-release-macos-arm64 | 0.2-2 | 3.00 | 26.00 | 29.00 | OK | |
| r-release-macos-x86_64 | 0.2-2 | 4.00 | 41.00 | 45.00 | OK | |
| r-release-windows-x86_64 | 0.2-2 | 6.00 | 58.00 | 64.00 | OK | |
| r-oldrel-macos-arm64 | 0.2-2 | 2.00 | 23.00 | 25.00 | OK | |
| r-oldrel-macos-x86_64 | 0.2-2 | 3.00 | 33.00 | 36.00 | OK | |
| r-oldrel-windows-x86_64 | 0.2-2 | 8.00 | 72.00 | 80.00 | OK |
Version: 0.2-2
Check: CRAN incoming feasibility
Result: NOTE
Maintainer: ‘David Wheeler <dcwheels@gmail.com>’
No Authors@R field in DESCRIPTION.
Please add one, modifying
Authors@R: person(given = "David",
family = "Wheeler",
role = c("aut", "cre"),
email = "dcwheels@gmail.com")
as necessary.
Flavors: r-devel-linux-x86_64-debian-clang, r-devel-linux-x86_64-debian-gcc