CRAN Package Check Results for Package hNMF

Last updated on 2022-07-03 01:48:56 CEST.

Flavor Version Tinstall Tcheck Ttotal Status Flags
r-devel-linux-x86_64-debian-clang 1.0 10.38 109.55 119.93 NOTE
r-devel-linux-x86_64-debian-gcc 1.0 8.68 82.63 91.31 NOTE
r-devel-linux-x86_64-fedora-clang 1.0 154.69 NOTE
r-devel-linux-x86_64-fedora-gcc 1.0 153.82 NOTE
r-devel-windows-x86_64 1.0 17.00 126.00 143.00 NOTE
r-patched-linux-x86_64 1.0 11.21 103.82 115.03 NOTE
r-release-linux-x86_64 1.0 9.61 105.36 114.97 NOTE
r-release-macos-arm64 1.0 41.00 NOTE
r-release-macos-x86_64 1.0 81.00 NOTE
r-release-windows-x86_64 1.0 20.00 124.00 144.00 NOTE
r-oldrel-macos-arm64 1.0 53.00 NOTE
r-oldrel-macos-x86_64 1.0 62.00 NOTE
r-oldrel-windows-ix86+x86_64 1.0 26.00 122.00 148.00 NOTE

Check Details

Version: 1.0
Check: LazyData
Result: NOTE
     'LazyData' is specified without a 'data' directory
Flavors: r-devel-linux-x86_64-debian-clang, r-devel-linux-x86_64-debian-gcc, r-devel-linux-x86_64-fedora-clang, r-devel-linux-x86_64-fedora-gcc, r-devel-windows-x86_64, r-patched-linux-x86_64, r-release-linux-x86_64, r-release-macos-arm64, r-release-macos-x86_64, r-release-windows-x86_64, r-oldrel-macos-arm64, r-oldrel-macos-x86_64, r-oldrel-windows-ix86+x86_64