Last updated on 2025-10-21 01:48:33 CEST.
Flavor | Version | Tinstall | Tcheck | Ttotal | Status | Flags |
---|---|---|---|---|---|---|
r-devel-linux-x86_64-debian-clang | 1.0.0 | 51.56 | 93.80 | 145.36 | OK | |
r-devel-linux-x86_64-debian-gcc | 1.0.0 | 33.63 | 65.16 | 98.79 | NOTE | |
r-devel-linux-x86_64-fedora-clang | 1.0.0 | 240.45 | OK | |||
r-devel-linux-x86_64-fedora-gcc | 1.0.0 | 213.83 | OK | |||
r-devel-windows-x86_64 | 1.0.0 | 67.00 | 123.00 | 190.00 | OK | |
r-patched-linux-x86_64 | 1.0.0 | 51.52 | 86.38 | 137.90 | OK | |
r-release-linux-x86_64 | 1.0.0 | 50.44 | 85.93 | 136.37 | OK | |
r-release-macos-arm64 | 1.0.0 | 64.00 | OK | |||
r-release-macos-x86_64 | 1.0.0 | 97.00 | OK | |||
r-release-windows-x86_64 | 1.0.0 | 69.00 | 123.00 | 192.00 | OK | |
r-oldrel-macos-arm64 | 1.0.0 | 59.00 | NOTE | |||
r-oldrel-macos-x86_64 | 1.0.0 | 77.00 | NOTE | |||
r-oldrel-windows-x86_64 | 1.0.0 | 80.00 | 161.00 | 241.00 | OK |
Version: 1.0.0
Check: HTML version of manual
Result: NOTE
Found the following HTML validation problems:
calc_allele_lik_s3.html:62:1 (calc_allele_lik_s3.Rd:18): Warning: missing </ul> before </div>
Flavor: r-devel-linux-x86_64-debian-gcc
Version: 1.0.0
Check: installed package size
Result: NOTE
installed size is 5.8Mb
sub-directories of 1Mb or more:
data 3.0Mb
libs 2.5Mb
Flavors: r-oldrel-macos-arm64, r-oldrel-macos-x86_64