Last updated on 2024-08-16 01:48:20 CEST.
Flavor | Version | Tinstall | Tcheck | Ttotal | Status | Flags |
---|---|---|---|---|---|---|
r-devel-linux-x86_64-debian-clang | 3.1.1 | 57.68 | 163.84 | 221.52 | NOTE | |
r-devel-linux-x86_64-debian-gcc | 3.1.1 | 38.84 | 107.24 | 146.08 | NOTE | |
r-devel-linux-x86_64-fedora-clang | 3.1.1 | 386.21 | OK | |||
r-devel-linux-x86_64-fedora-gcc | 3.1.1 | 381.89 | OK | |||
r-devel-windows-x86_64 | 3.1.1 | 58.00 | 206.00 | 264.00 | NOTE | |
r-patched-linux-x86_64 | 3.1.1 | 65.18 | 153.15 | 218.33 | OK | |
r-release-linux-x86_64 | 3.1.1 | 50.75 | 156.64 | 207.39 | OK | |
r-release-macos-arm64 | 3.1.1 | 72.00 | OK | |||
r-release-macos-x86_64 | 3.1.1 | 145.00 | OK | |||
r-release-windows-x86_64 | 3.1.1 | 56.00 | 205.00 | 261.00 | OK | |
r-oldrel-macos-arm64 | 3.1.1 | 84.00 | OK | |||
r-oldrel-macos-x86_64 | 3.1.1 | 128.00 | OK | |||
r-oldrel-windows-x86_64 | 3.1.1 | 57.00 | 248.00 | 305.00 | OK |
Version: 3.1.1
Check: Rd cross-references
Result: NOTE
Found the following Rd file(s) with Rd \link{} targets missing package
anchors:
SaveAllLetterPlots.Rd: magick
Please provide package anchors for all Rd \link{} targets not in the
package itself and the base packages.
Flavors: r-devel-linux-x86_64-debian-clang, r-devel-linux-x86_64-debian-gcc, r-devel-windows-x86_64