Last updated on 2025-05-18 01:50:29 CEST.
Flavor | Version | Tinstall | Tcheck | Ttotal | Status | Flags |
---|---|---|---|---|---|---|
r-devel-linux-x86_64-debian-clang | 1.2.3 | 49.26 | 181.86 | 231.12 | OK | |
r-devel-linux-x86_64-debian-gcc | 1.2.3 | 38.41 | 128.17 | 166.58 | OK | |
r-devel-linux-x86_64-fedora-clang | 1.2.3 | 377.81 | OK | |||
r-devel-linux-x86_64-fedora-gcc | 1.2.3 | 406.58 | OK | |||
r-devel-windows-x86_64 | 1.2.3 | 64.00 | 199.00 | 263.00 | OK | |
r-patched-linux-x86_64 | 1.2.3 | 51.52 | 171.03 | 222.55 | OK | |
r-release-linux-x86_64 | 1.2.3 | 54.51 | 170.14 | 224.65 | OK | |
r-release-macos-arm64 | 1.2.3 | 115.00 | OK | |||
r-release-macos-x86_64 | 1.2.3 | 188.00 | OK | |||
r-release-windows-x86_64 | 1.2.3 | 66.00 | 208.00 | 274.00 | OK | |
r-oldrel-macos-arm64 | 1.2.3 | 111.00 | NOTE | |||
r-oldrel-macos-x86_64 | 1.2.3 | 190.00 | NOTE | |||
r-oldrel-windows-x86_64 | 1.2.3 | 75.00 | 250.00 | 325.00 | NOTE |
Version: 1.2.3
Check: installed package size
Result: NOTE
installed size is 11.7Mb
sub-directories of 1Mb or more:
data 2.9Mb
doc 2.4Mb
libs 6.2Mb
Flavors: r-oldrel-macos-arm64, r-oldrel-macos-x86_64, r-oldrel-windows-x86_64