Last updated on 2025-05-19 02:49:37 CEST.
Flavor | Version | Tinstall | Tcheck | Ttotal | Status | Flags |
---|---|---|---|---|---|---|
r-devel-linux-x86_64-debian-clang | 0.9.0 | 1.69 | 19.39 | 21.08 | OK | |
r-devel-linux-x86_64-debian-gcc | 0.9.0 | 1.45 | 15.88 | 17.33 | OK | |
r-devel-linux-x86_64-fedora-clang | 0.9.0 | 33.28 | OK | |||
r-devel-linux-x86_64-fedora-gcc | 0.9.0 | 31.97 | OK | |||
r-devel-windows-x86_64 | 0.9.0 | 3.00 | 47.00 | 50.00 | OK | |
r-patched-linux-x86_64 | 0.9.0 | 2.08 | 18.52 | 20.60 | OK | |
r-release-linux-x86_64 | 0.9.0 | 1.59 | 18.55 | 20.14 | OK | |
r-release-macos-arm64 | 0.9.0 | 15.00 | OK | |||
r-release-macos-x86_64 | 0.9.0 | 24.00 | OK | |||
r-release-windows-x86_64 | 0.9.0 | 3.00 | 48.00 | 51.00 | OK | |
r-oldrel-macos-arm64 | 0.9.0 | 14.00 | NOTE | |||
r-oldrel-macos-x86_64 | 0.9.0 | 20.00 | NOTE | |||
r-oldrel-windows-x86_64 | 0.9.0 | 3.00 | 44.00 | 47.00 | NOTE |
Version: 0.9.0
Check: LazyData
Result: NOTE
'LazyData' is specified without a 'data' directory
Flavors: r-oldrel-macos-arm64, r-oldrel-macos-x86_64, r-oldrel-windows-x86_64