Last updated on 2024-05-05 01:55:19 CEST.
Flavor | Version | Tinstall | Tcheck | Ttotal | Status | Flags |
---|---|---|---|---|---|---|
r-devel-linux-x86_64-debian-clang | 1.2.12 | 52.19 | 110.75 | 162.94 | OK | |
r-devel-linux-x86_64-debian-gcc | 1.2.12 | 40.06 | 84.32 | 124.38 | OK | |
r-devel-linux-x86_64-fedora-clang | 1.2.12 | 220.88 | OK | |||
r-devel-linux-x86_64-fedora-gcc | 1.2.12 | 223.74 | OK | |||
r-devel-windows-x86_64 | 1.2.12 | 34.00 | 110.00 | 144.00 | OK | |
r-patched-linux-x86_64 | 1.2.12 | 42.62 | 110.25 | 152.87 | OK | |
r-release-linux-x86_64 | 1.2.12 | 37.08 | 110.24 | 147.32 | OK | |
r-release-macos-arm64 | 1.2.12 | 59.00 | NOTE | |||
r-release-windows-x86_64 | 1.2.12 | 40.00 | 105.00 | 145.00 | OK | |
r-oldrel-macos-arm64 | 1.2.12 | 60.00 | NOTE | |||
r-oldrel-macos-x86_64 | 1.2.12 | 126.00 | NOTE | |||
r-oldrel-windows-x86_64 | 1.2.12 | 49.00 | 139.00 | 188.00 | OK |
Version: 1.2.12
Check: installed package size
Result: NOTE
installed size is 9.5Mb
sub-directories of 1Mb or more:
libs 9.2Mb
Flavors: r-release-macos-arm64, r-oldrel-macos-arm64, r-oldrel-macos-x86_64