Last updated on 2025-05-19 01:49:55 CEST.
Flavor | Version | Tinstall | Tcheck | Ttotal | Status | Flags |
---|---|---|---|---|---|---|
r-devel-linux-x86_64-debian-clang | 0.2-14 | 2.40 | 25.63 | 28.03 | NOTE | |
r-devel-linux-x86_64-debian-gcc | 0.2-14 | 1.74 | 19.73 | 21.47 | NOTE | |
r-devel-linux-x86_64-fedora-clang | 0.2-14 | 46.72 | OK | |||
r-devel-linux-x86_64-fedora-gcc | 0.2-14 | 44.26 | OK | |||
r-devel-windows-x86_64 | 0.2-14 | 4.00 | 58.00 | 62.00 | OK | |
r-patched-linux-x86_64 | 0.2-14 | 2.71 | 24.59 | 27.30 | OK | |
r-release-linux-x86_64 | 0.2-14 | 2.58 | 24.72 | 27.30 | OK | |
r-release-macos-arm64 | 0.2-14 | 22.00 | OK | |||
r-release-macos-x86_64 | 0.2-14 | 31.00 | OK | |||
r-release-windows-x86_64 | 0.2-14 | 3.00 | 56.00 | 59.00 | OK | |
r-oldrel-macos-arm64 | 0.2-14 | 19.00 | OK | |||
r-oldrel-macos-x86_64 | 0.2-14 | 25.00 | OK | |||
r-oldrel-windows-x86_64 | 0.2-14 | 4.00 | 55.00 | 59.00 | OK |
Version: 0.2-14
Check: CRAN incoming feasibility
Result: NOTE
Maintainer: ‘Gero Szepannek <gero.szepannek@web.de>’
No Authors@R field in DESCRIPTION.
Please add one, modifying
Authors@R: person(given = "Gero",
family = "Szepannek",
role = c("aut", "cre"),
email = "gero.szepannek@web.de")
as necessary.
Flavors: r-devel-linux-x86_64-debian-clang, r-devel-linux-x86_64-debian-gcc