Last updated on 2022-05-24 01:49:53 CEST.
Flavor | Version | Tinstall | Tcheck | Ttotal | Status | Flags |
---|---|---|---|---|---|---|
r-devel-linux-x86_64-debian-clang | 0.0.7 | 19.61 | 219.89 | 239.50 | OK | |
r-devel-linux-x86_64-debian-gcc | 0.0.7 | 14.83 | 161.10 | 175.93 | OK | |
r-devel-linux-x86_64-fedora-clang | 0.0.7 | 276.14 | OK | |||
r-devel-linux-x86_64-fedora-gcc | 0.0.7 | 272.48 | OK | |||
r-devel-windows-x86_64 | 0.0.7 | 97.00 | 264.00 | 361.00 | OK | |
r-patched-linux-x86_64 | 0.0.7 | 15.25 | 203.68 | 218.93 | OK | |
r-release-linux-x86_64 | 0.0.7 | ERROR | ||||
r-release-macos-arm64 | 0.0.7 | 71.00 | OK | |||
r-release-macos-x86_64 | 0.0.7 | 112.00 | OK | |||
r-release-windows-x86_64 | 0.0.7 | 95.00 | 251.00 | 346.00 | OK | |
r-oldrel-macos-arm64 | 0.0.7 | 76.00 | OK | |||
r-oldrel-macos-x86_64 | 0.0.7 | 103.00 | OK | |||
r-oldrel-windows-ix86+x86_64 | 0.0.7 | 41.00 | 244.00 | 285.00 | OK |
Version: 0.0.7
Check: package dependencies
Result: ERROR
Package required but not available: ‘modeltime’
See section ‘The DESCRIPTION file’ in the ‘Writing R Extensions’
manual.
Flavor: r-release-linux-x86_64