CRAN Package Check Results for Package heatmaply

Last updated on 2020-02-24 23:51:39 CET.

Flavor Version Tinstall Tcheck Ttotal Status Flags
r-devel-linux-x86_64-debian-clang 1.0.0 9.19 345.51 354.70 OK
r-devel-linux-x86_64-debian-gcc 1.0.0 7.80 395.77 403.57 OK
r-devel-linux-x86_64-fedora-clang 1.0.0 346.18 NOTE
r-devel-linux-x86_64-fedora-gcc 1.0.0 358.79 OK
r-devel-windows-ix86+x86_64 1.0.0 24.00 256.00 280.00 NOTE
r-devel-windows-ix86+x86_64-gcc8 1.0.0 39.00 360.00 399.00 NOTE
r-patched-linux-x86_64 1.0.0 7.90 311.75 319.65 OK
r-patched-solaris-x86 1.0.0 295.50 WARN
r-release-linux-x86_64 1.0.0 8.01 306.58 314.59 OK
r-release-windows-ix86+x86_64 1.0.0 20.00 225.00 245.00 NOTE
r-release-osx-x86_64 1.0.0 WARN
r-oldrel-windows-ix86+x86_64 1.0.0 15.00 266.00 281.00 NOTE
r-oldrel-osx-x86_64 1.0.0 WARN

Check Details

Version: 1.0.0
Check: package dependencies
Result: NOTE
    Suggests orphaned package: ‘gplots’
Flavor: r-devel-linux-x86_64-fedora-clang

Version: 1.0.0
Check: installed package size
Result: NOTE
     installed size is 6.7Mb
     sub-directories of 1Mb or more:
     doc 6.3Mb
Flavors: r-devel-linux-x86_64-fedora-clang, r-devel-windows-ix86+x86_64, r-devel-windows-ix86+x86_64-gcc8, r-patched-solaris-x86, r-release-windows-ix86+x86_64, r-release-osx-x86_64, r-oldrel-windows-ix86+x86_64, r-oldrel-osx-x86_64

Version: 1.0.0
Check: re-building of vignette outputs
Result: WARN
    Error(s) in re-building vignettes:
     ...
    --- re-building ‘heatmaply.Rmd’ using rmarkdown
    Warning in engine$weave(file, quiet = quiet, encoding = enc) :
     Pandoc (>= 1.12.3) and/or pandoc-citeproc not available. Falling back to R Markdown v1.
    Loading required package: plotly
    Loading required package: ggplot2
    
    Attaching package: 'plotly'
    
    The following object is masked from 'package:ggplot2':
    
     last_plot
    
    The following object is masked from 'package:stats':
    
     filter
    
    The following object is masked from 'package:graphics':
    
     layout
    
    Loading required package: viridis
    Loading required package: viridisLite
    
    ======================
    Welcome to heatmaply version 1.0.0
    
    Type citation('heatmaply') for how to cite the package.
    Type ?heatmaply for the main documentation.
    
    The github page is: https://github.com/talgalili/heatmaply/
    Please submit your suggestions and bug-reports at: https://github.com/talgalili/heatmaply/issues
    Or contact: <tal.galili@gmail.com>
    ======================
    
    Quitting from lines 108-110 (heatmaply.Rmd)
    Error: processing vignette 'heatmaply.Rmd' failed with diagnostics:
    cannot open the connection
    --- failed re-building ‘heatmaply.Rmd’
    
    SUMMARY: processing the following file failed:
     ‘heatmaply.Rmd’
    
    Error: Vignette re-building failed.
    Execution halted
Flavor: r-patched-solaris-x86

Version: 1.0.0
Check: re-building of vignette outputs
Result: WARN
    Error(s) in re-building vignettes:
    --- re-building ‘heatmaply.Rmd’ using rmarkdown
    Warning in engine$weave(file, quiet = quiet, encoding = enc) :
     Pandoc (>= 1.12.3) and/or pandoc-citeproc not available. Falling back to R Markdown v1.
    Loading required package: plotly
    Loading required package: ggplot2
    
    Attaching package: 'plotly'
    
    The following object is masked from 'package:ggplot2':
    
     last_plot
    
    The following object is masked from 'package:stats':
    
     filter
    
    The following object is masked from 'package:graphics':
    
     layout
    
    Loading required package: viridis
    Loading required package: viridisLite
    
    ======================
    Welcome to heatmaply version 1.0.0
    
    Type citation('heatmaply') for how to cite the package.
    Type ?heatmaply for the main documentation.
    
    The github page is: https://github.com/talgalili/heatmaply/
    Please submit your suggestions and bug-reports at: https://github.com/talgalili/heatmaply/issues
    Or contact: <tal.galili@gmail.com>
    ======================
    
    No protocol specified
    Quitting from lines 108-110 (heatmaply.Rmd)
    Error: processing vignette 'heatmaply.Rmd' failed with diagnostics:
    cannot open the connection
    --- failed re-building ‘heatmaply.Rmd’
    
    SUMMARY: processing the following file failed:
     ‘heatmaply.Rmd’
    
    Error: Vignette re-building failed.
    Execution halted
Flavor: r-release-osx-x86_64

Version: 1.0.0
Check: re-building of vignette outputs
Result: WARN
    Error in re-building vignettes:
     ...
     filter
    
    The following object is masked from 'package:graphics':
    
     layout
    
    Loading required package: viridis
    Loading required package: viridisLite
    
    ======================
    Welcome to heatmaply version 1.0.0
    
    Type citation('heatmaply') for how to cite the package.
    Type ?heatmaply for the main documentation.
    
    The github page is: https://github.com/talgalili/heatmaply/
    Please submit your suggestions and bug-reports at: https://github.com/talgalili/heatmaply/issues
    Or contact: <tal.galili@gmail.com>
    ======================
    
    No protocol specified
    Quitting from lines 108-110 (heatmaply.Rmd)
    Error: processing vignette 'heatmaply.Rmd' failed with diagnostics:
    cannot open the connection
    Execution halted
Flavor: r-oldrel-osx-x86_64