CRAN Package Check Results for Package heddlr

Last updated on 2022-01-27 08:49:15 CET.

Flavor Version Tinstall Tcheck Ttotal Status Flags
r-devel-linux-x86_64-debian-clang 0.6.0 2.65 40.02 42.67 NOTE
r-devel-linux-x86_64-debian-gcc 0.6.0 2.02 31.05 33.07 NOTE
r-devel-linux-x86_64-fedora-clang 0.6.0 56.36 NOTE
r-devel-linux-x86_64-fedora-gcc 0.6.0 42.78 NOTE
r-devel-windows-x86_64-new-UL 0.6.0 33.00 76.00 109.00 NOTE
r-devel-windows-x86_64-new-TK 0.6.0 NOTE
r-patched-linux-x86_64 0.6.0 2.17 36.76 38.93 NOTE
r-release-linux-x86_64 0.6.0 2.60 37.14 39.74 NOTE
r-release-macos-arm64 0.6.0 NOTE
r-release-macos-x86_64 0.6.0 NOTE
r-release-windows-ix86+x86_64 0.6.0 5.00 48.00 53.00 NOTE
r-oldrel-macos-x86_64 0.6.0 OK
r-oldrel-windows-ix86+x86_64 0.6.0 6.00 48.00 54.00 OK

Check Details

Version: 0.6.0
Check: LazyData
Result: NOTE
     'LazyData' is specified without a 'data' directory
Flavors: r-devel-linux-x86_64-debian-clang, r-devel-linux-x86_64-debian-gcc, r-devel-linux-x86_64-fedora-clang, r-devel-linux-x86_64-fedora-gcc, r-devel-windows-x86_64-new-UL, r-devel-windows-x86_64-new-TK, r-patched-linux-x86_64, r-release-linux-x86_64, r-release-macos-arm64, r-release-macos-x86_64, r-release-windows-ix86+x86_64

Version: 0.6.0
Check: Rd cross-references
Result: NOTE
    Undeclared package ‘tibble’ in Rd xrefs
Flavor: r-devel-linux-x86_64-fedora-clang