Last updated on 2024-04-24 01:52:12 CEST.
Flavor | Version | Tinstall | Tcheck | Ttotal | Status | Flags |
---|---|---|---|---|---|---|
r-devel-linux-x86_64-debian-clang | 0.6 | 13.51 | 125.10 | 138.61 | NOTE | |
r-devel-linux-x86_64-debian-gcc | 0.6 | 9.19 | 91.72 | 100.91 | NOTE | |
r-devel-linux-x86_64-fedora-clang | 0.6 | 166.75 | NOTE | |||
r-devel-linux-x86_64-fedora-gcc | 0.6 | 161.13 | NOTE | |||
r-prerel-macos-arm64 | 0.6 | 52.00 | NOTE | |||
r-prerel-windows-x86_64 | 0.6 | 12.00 | 118.00 | 130.00 | NOTE | |
r-patched-linux-x86_64 | 0.6 | 8.08 | 118.82 | 126.90 | NOTE | |
r-release-linux-x86_64 | 0.6 | 8.00 | 119.11 | 127.11 | OK | |
r-release-macos-arm64 | 0.6 | 55.00 | NOTE | |||
r-release-macos-x86_64 | 0.6 | 99.00 | NOTE | |||
r-release-windows-x86_64 | 0.6 | 14.00 | 141.00 | 155.00 | OK | |
r-oldrel-macos-arm64 | 0.6 | 59.00 | NOTE | |||
r-oldrel-windows-x86_64 | 0.6 | 15.00 | 138.00 | 153.00 | OK |
Version: 0.6
Check: Rd files
Result: NOTE
checkRd: (-1) hero.Rd:67-68: Lost braces
67 | then \code{\link[pbapply]{pblapply}} is used. If code{package ==
| ^
checkRd: (-1) hero.Rd:69: Lost braces
69 | code{package == "Rmpi"}, then \code{\link[Rmpi]{mpi.applyLB}} is used.}
| ^
Flavors: r-devel-linux-x86_64-debian-clang, r-devel-linux-x86_64-debian-gcc, r-devel-linux-x86_64-fedora-clang, r-devel-linux-x86_64-fedora-gcc, r-prerel-macos-arm64, r-prerel-windows-x86_64, r-patched-linux-x86_64
Version: 0.6
Check: package dependencies
Result: NOTE
Package suggested but not available for checking: ‘Rmpi’
Flavors: r-prerel-macos-arm64, r-release-macos-arm64, r-release-macos-x86_64, r-oldrel-macos-arm64
Version: 0.6
Check: Rd cross-references
Result: NOTE
Package unavailable to check Rd xrefs: ‘Rmpi’
Flavors: r-prerel-macos-arm64, r-release-macos-arm64, r-release-macos-x86_64, r-oldrel-macos-arm64