Last updated on 2025-05-02 01:51:59 CEST.
Flavor | Version | Tinstall | Tcheck | Ttotal | Status | Flags |
---|---|---|---|---|---|---|
r-devel-linux-x86_64-debian-clang | 0.3-3 | 2.28 | 25.07 | 27.35 | NOTE | |
r-devel-linux-x86_64-debian-gcc | 0.3-3 | 1.67 | 20.72 | 22.39 | NOTE | |
r-devel-linux-x86_64-fedora-clang | 0.3-3 | 42.02 | OK | |||
r-devel-linux-x86_64-fedora-gcc | 0.3-3 | 40.39 | OK | |||
r-devel-windows-x86_64 | 0.3-3 | 4.00 | 52.00 | 56.00 | OK | |
r-patched-linux-x86_64 | 0.3-3 | 2.51 | 23.79 | 26.30 | OK | |
r-release-linux-x86_64 | OK | |||||
r-release-macos-arm64 | 0.3-3 | 19.00 | OK | |||
r-release-macos-x86_64 | 0.3-3 | 29.00 | OK | |||
r-release-windows-x86_64 | 0.3-3 | 3.00 | 55.00 | 58.00 | OK | |
r-oldrel-macos-arm64 | 0.3-3 | 26.00 | OK | |||
r-oldrel-macos-x86_64 | 0.3-3 | 33.00 | OK | |||
r-oldrel-windows-x86_64 | 0.3-3 | 5.00 | 49.00 | 54.00 | OK |
Version: 0.3-3
Check: CRAN incoming feasibility
Result: NOTE
Maintainer: ‘Julian Taylor <julian.taylor@adelaide.edu.au>’
No Authors@R field in DESCRIPTION.
Please add one, modifying
Authors@R: person(given = "Julian",
family = "Taylor",
role = c("aut", "cre"),
email = "julian.taylor@adelaide.edu.au")
as necessary.
Flavors: r-devel-linux-x86_64-debian-clang, r-devel-linux-x86_64-debian-gcc