Last updated on 2025-10-31 01:49:00 CET.
| Flavor | Version | Tinstall | Tcheck | Ttotal | Status | Flags | 
|---|---|---|---|---|---|---|
| r-devel-linux-x86_64-debian-clang | 2.2-1 | 10.17 | 78.70 | 88.87 | NOTE | |
| r-devel-linux-x86_64-debian-gcc | 2.2-1 | 6.19 | 56.59 | 62.78 | NOTE | |
| r-devel-linux-x86_64-fedora-clang | 2.2-1 | 27.00 | 103.12 | 130.12 | OK | |
| r-devel-linux-x86_64-fedora-gcc | 2.2-1 | 19.00 | 114.04 | 133.04 | OK | |
| r-devel-windows-x86_64 | 2.2-1 | 11.00 | 92.00 | 103.00 | OK | |
| r-patched-linux-x86_64 | 2.2-1 | 9.48 | 75.08 | 84.56 | OK | |
| r-release-linux-x86_64 | 2.2-1 | 9.40 | 74.12 | 83.52 | OK | |
| r-release-macos-arm64 | 2.2-1 | 5.00 | 48.00 | 53.00 | OK | |
| r-release-macos-x86_64 | 2.2-1 | 8.00 | 87.00 | 95.00 | OK | |
| r-release-windows-x86_64 | 2.2-1 | 11.00 | 95.00 | 106.00 | OK | |
| r-oldrel-macos-arm64 | 2.2-1 | 4.00 | 39.00 | 43.00 | OK | |
| r-oldrel-macos-x86_64 | 2.2-1 | 6.00 | 64.00 | 70.00 | OK | |
| r-oldrel-windows-x86_64 | 2.2-1 | 13.00 | 115.00 | 128.00 | OK | 
Version: 2.2-1
Check: CRAN incoming feasibility
Result: NOTE
  Maintainer: ‘Xia Shen <xia.shen@ki.se>’
  
  No Authors@R field in DESCRIPTION.
  Please add one, modifying
    Authors@R: c(person(given = "Moudud",
                        family = "Alam",
                        role = "aut"),
                 person(given = "Lars",
                        family = "Ronnegard",
                        role = "aut"),
                 person(given = "Xia",
                        family = "Shen",
                        role = c("aut", "cre"),
                        email = "xia.shen@ki.se"))
  as necessary.
  
  Package CITATION file contains call(s) to old-style personList() or
  as.personList().  Please use c() on person objects instead.
  Package CITATION file contains call(s) to old-style citEntry().  Please
  use bibentry() instead.
Flavors: r-devel-linux-x86_64-debian-clang, r-devel-linux-x86_64-debian-gcc