Last updated on 2024-04-24 01:52:12 CEST.
Flavor | Version | Tinstall | Tcheck | Ttotal | Status | Flags |
---|---|---|---|---|---|---|
r-devel-linux-x86_64-debian-clang | 0.2.11 | 9.01 | 76.37 | 85.38 | NOTE | |
r-devel-linux-x86_64-debian-gcc | 0.2.11 | 6.95 | 54.79 | 61.74 | NOTE | |
r-devel-linux-x86_64-fedora-clang | 0.2.11 | 101.24 | NOTE | |||
r-devel-linux-x86_64-fedora-gcc | 0.2.11 | 96.88 | NOTE | |||
r-prerel-macos-arm64 | 0.2.11 | 31.00 | OK | |||
r-prerel-windows-x86_64 | 0.2.11 | 9.00 | 79.00 | 88.00 | NOTE | |
r-patched-linux-x86_64 | 0.2.11 | 7.19 | 70.34 | 77.53 | NOTE | |
r-release-linux-x86_64 | 0.2.11 | 9.38 | 72.35 | 81.73 | OK | |
r-release-macos-arm64 | 0.2.11 | 39.00 | OK | |||
r-release-macos-x86_64 | 0.2.11 | 50.00 | OK | |||
r-release-windows-x86_64 | 0.2.11 | 11.00 | 91.00 | 102.00 | OK | |
r-oldrel-macos-arm64 | 0.2.11 | 35.00 | NOTE | |||
r-oldrel-windows-x86_64 | 0.2.11 | 11.00 | 90.00 | 101.00 | OK |
Version: 0.2.11
Check: HTML version of manual
Result: NOTE
Found the following HTML validation problems:
get_breaks.html:78:1 (get_breaks.Rd:37): Warning: trimming empty <dt>
Flavors: r-devel-linux-x86_64-debian-clang, r-devel-linux-x86_64-debian-gcc, r-devel-linux-x86_64-fedora-clang, r-devel-linux-x86_64-fedora-gcc, r-prerel-windows-x86_64, r-patched-linux-x86_64
Version: 0.2.11
Check: dependencies in R code
Result: NOTE
Namespace in Imports field not imported from: ‘usethis’
All declared Imports should be used.
Flavors: r-devel-linux-x86_64-fedora-clang, r-devel-linux-x86_64-fedora-gcc, r-oldrel-macos-arm64