CRAN Package Check Results for Package hierfstat

Last updated on 2022-06-30 01:49:10 CEST.

Flavor Version Tinstall Tcheck Ttotal Status Flags
r-devel-linux-x86_64-debian-clang 0.5-11 7.69 184.47 192.16 OK
r-devel-linux-x86_64-debian-gcc 0.5-11 5.94 136.06 142.00 OK
r-devel-linux-x86_64-fedora-clang 0.5-11 235.96 WARN
r-devel-linux-x86_64-fedora-gcc 0.5-11 233.19 WARN
r-devel-windows-x86_64 0.5-11 12.00 205.00 217.00 OK
r-patched-linux-x86_64 0.5-11 9.74 176.77 186.51 OK
r-release-linux-x86_64 0.5-11 5.89 170.04 175.93 OK
r-release-macos-arm64 0.5-11 64.00 OK
r-release-macos-x86_64 0.5-11 95.00 OK
r-release-windows-x86_64 0.5-11 23.00 212.00 235.00 OK
r-oldrel-macos-arm64 0.5-11 75.00 OK
r-oldrel-macos-x86_64 0.5-11 91.00 OK
r-oldrel-windows-ix86+x86_64 0.5-11 16.00 221.00 237.00 OK

Check Details

Version: 0.5-11
Check: package dependencies
Result: WARN
    Requires orphaned package: ‘gtools’
Flavors: r-devel-linux-x86_64-fedora-clang, r-devel-linux-x86_64-fedora-gcc