Last updated on 2024-04-24 01:52:12 CEST.
Flavor | Version | Tinstall | Tcheck | Ttotal | Status | Flags |
---|---|---|---|---|---|---|
r-devel-linux-x86_64-debian-clang | 0.9.4 | 17.46 | 144.19 | 161.65 | OK | |
r-devel-linux-x86_64-debian-gcc | 0.9.4 | 12.24 | 105.46 | 117.70 | OK | |
r-devel-linux-x86_64-fedora-clang | 0.9.4 | 193.68 | NOTE | |||
r-devel-linux-x86_64-fedora-gcc | 0.9.4 | 182.20 | NOTE | |||
r-prerel-macos-arm64 | 0.9.4 | 52.00 | OK | |||
r-prerel-windows-x86_64 | 0.9.4 | 15.00 | 148.00 | 163.00 | OK | |
r-patched-linux-x86_64 | 0.9.4 | 14.67 | 133.96 | 148.63 | OK | |
r-release-linux-x86_64 | 0.9.4 | 9.37 | 136.15 | 145.52 | OK | |
r-release-macos-arm64 | 0.9.4 | 61.00 | OK | |||
r-release-macos-x86_64 | 0.9.4 | 97.00 | NOTE | |||
r-release-windows-x86_64 | 0.9.4 | 19.00 | 185.00 | 204.00 | OK | |
r-oldrel-macos-arm64 | 0.9.4 | 57.00 | NOTE | |||
r-oldrel-windows-x86_64 | 0.9.4 | 20.00 | 162.00 | 182.00 | OK |
Version: 0.9.4
Check: data for non-ASCII characters
Result: NOTE
Note: found 11 marked UTF-8 strings
Flavors: r-devel-linux-x86_64-fedora-clang, r-devel-linux-x86_64-fedora-gcc, r-oldrel-macos-arm64
Version: 0.9.4
Check: package dependencies
Result: NOTE
Package suggested but not available for checking: ‘geojsonio’
Flavor: r-release-macos-x86_64