Last updated on 2024-04-24 01:52:12 CEST.
Flavor | Version | Tinstall | Tcheck | Ttotal | Status | Flags |
---|---|---|---|---|---|---|
r-devel-linux-x86_64-debian-clang | 2.1.1 | 188.01 | 513.65 | 701.66 | OK | |
r-devel-linux-x86_64-debian-gcc | 2.1.1 | 140.00 | 424.56 | 564.56 | OK | |
r-devel-linux-x86_64-fedora-clang | 2.1.1 | 956.95 | OK | |||
r-devel-linux-x86_64-fedora-gcc | 2.1.1 | 982.84 | OK | |||
r-prerel-macos-arm64 | 2.1.1 | 251.00 | NOTE | |||
r-prerel-windows-x86_64 | 2.1.1 | 128.00 | 326.00 | 454.00 | OK | |
r-patched-linux-x86_64 | 2.1.1 | 166.94 | 516.72 | 683.66 | OK | |
r-release-linux-x86_64 | 2.1.1 | 123.57 | 528.15 | 651.72 | OK | |
r-release-macos-arm64 | 2.1.1 | 277.00 | NOTE | |||
r-release-macos-x86_64 | 2.1.1 | 481.00 | NOTE | |||
r-release-windows-x86_64 | 2.1.1 | 160.00 | 572.00 | 732.00 | OK | |
r-oldrel-macos-arm64 | 2.1.1 | 193.00 | NOTE | |||
r-oldrel-windows-x86_64 | 2.1.1 | 152.00 | 565.00 | 717.00 | OK |
Version: 2.1.1
Check: installed package size
Result: NOTE
installed size is 11.5Mb
sub-directories of 1Mb or more:
libs 10.6Mb
Flavors: r-prerel-macos-arm64, r-release-macos-arm64, r-release-macos-x86_64, r-oldrel-macos-arm64