Last updated on 2025-04-30 02:50:41 CEST.
Flavor | Version | Tinstall | Tcheck | Ttotal | Status | Flags |
---|---|---|---|---|---|---|
r-devel-linux-x86_64-debian-clang | 1.6.0 | 22.89 | 693.36 | 716.25 | NOTE | |
r-devel-linux-x86_64-debian-gcc | 1.6.0 | 13.70 | 445.40 | 459.10 | NOTE | |
r-devel-linux-x86_64-fedora-clang | 1.6.0 | 1148.64 | OK | |||
r-devel-linux-x86_64-fedora-gcc | 1.6.0 | 1144.45 | OK | |||
r-devel-windows-x86_64 | 1.6.0 | 24.00 | 582.00 | 606.00 | OK | |
r-patched-linux-x86_64 | 1.6.0 | 24.74 | 672.44 | 697.18 | OK | |
r-release-linux-x86_64 | 1.6.0 | 20.63 | 687.61 | 708.24 | OK | |
r-release-macos-arm64 | 1.6.0 | 253.00 | OK | |||
r-release-macos-x86_64 | 1.6.0 | 646.00 | OK | |||
r-release-windows-x86_64 | 1.6.0 | 23.00 | 640.00 | 663.00 | OK | |
r-oldrel-macos-arm64 | 1.6.0 | 272.00 | OK | |||
r-oldrel-macos-x86_64 | 1.6.0 | 579.00 | OK | |||
r-oldrel-windows-x86_64 | 1.6.0 | 33.00 | 834.00 | 867.00 | OK |
Version: 1.6.0
Check: examples
Result: NOTE
Examples with CPU (user + system) or elapsed time > 5s
user system elapsed
directional_proposal 7.901 0.050 9.605
Proto_emulator 6.011 0.139 7.936
emulator_plot 4.994 0.054 6.376
wave_dependencies 4.971 0.034 6.015
validation_pairs 4.467 0.008 5.072
Flavor: r-devel-linux-x86_64-debian-clang
Version: 1.6.0
Check: examples
Result: NOTE
Examples with CPU (user + system) or elapsed time > 5s
user system elapsed
directional_proposal 4.695 0.034 5.91
Flavor: r-devel-linux-x86_64-debian-gcc