Last updated on 2025-05-25 01:49:44 CEST.
Flavor | Version | Tinstall | Tcheck | Ttotal | Status | Flags |
---|---|---|---|---|---|---|
r-devel-linux-x86_64-debian-clang | 1.2-7 | 4.67 | 45.65 | 50.32 | OK | |
r-devel-linux-x86_64-debian-gcc | 1.2-7 | 3.13 | 33.13 | 36.26 | OK | |
r-devel-linux-x86_64-fedora-clang | 1.2-7 | 83.61 | OK | |||
r-devel-linux-x86_64-fedora-gcc | 1.2-7 | 77.61 | OK | |||
r-devel-windows-x86_64 | 1.2-7 | 6.00 | 113.00 | 119.00 | OK | |
r-patched-linux-x86_64 | 1.2-7 | 4.04 | 43.39 | 47.43 | OK | |
r-release-linux-x86_64 | 1.2-7 | 3.52 | 44.85 | 48.37 | OK | |
r-release-macos-arm64 | 1.2-7 | 51.00 | OK | |||
r-release-macos-x86_64 | 1.2-7 | 69.00 | OK | |||
r-release-windows-x86_64 | 1.2-7 | 6.00 | 67.00 | 73.00 | OK | |
r-oldrel-macos-arm64 | 1.2-7 | 46.00 | NOTE | |||
r-oldrel-macos-x86_64 | 1.2-7 | 63.00 | NOTE | |||
r-oldrel-windows-x86_64 | 1.2-7 | 7.00 | 75.00 | 82.00 | NOTE |
Version: 1.2-7
Check: package dependencies
Result: NOTE
Package suggested but not available for checking: ‘glmmADMB’
Flavors: r-oldrel-macos-arm64, r-oldrel-macos-x86_64, r-oldrel-windows-x86_64