Last updated on 2024-03-29 01:51:07 CET.
Flavor | Version | Tinstall | Tcheck | Ttotal | Status | Flags |
---|---|---|---|---|---|---|
r-devel-linux-x86_64-debian-clang | 0.9.4-2 | 30.47 | 299.21 | 329.68 | NOTE | |
r-devel-linux-x86_64-debian-gcc | 0.9.4-2 | 26.48 | 223.80 | 250.28 | NOTE | |
r-devel-linux-x86_64-fedora-clang | 0.9.4-2 | 436.67 | NOTE | |||
r-devel-linux-x86_64-fedora-gcc | 0.9.4-2 | 439.69 | NOTE | |||
r-devel-windows-x86_64 | 0.9.4-2 | 27.00 | 210.00 | 237.00 | NOTE | |
r-patched-linux-x86_64 | 0.9.4-2 | 27.65 | 293.92 | 321.57 | NOTE | |
r-release-linux-x86_64 | 0.9.4-2 | 32.42 | 287.66 | 320.08 | OK | |
r-release-macos-arm64 | 0.9.4-2 | 11.00 | ERROR | |||
r-release-macos-x86_64 | 0.9.4-2 | 222.00 | OK | |||
r-release-windows-x86_64 | 0.9.4-2 | 37.00 | 276.00 | 313.00 | OK | |
r-oldrel-macos-arm64 | 0.9.4-2 | 93.00 | NOTE | |||
r-oldrel-windows-x86_64 | 0.9.4-2 | 35.00 | 268.00 | 303.00 | OK |
Version: 0.9.4-2
Check: Rd metadata
Result: NOTE
Invalid package aliases in Rd file 'hoardeR-package.Rd':
‘R/hoardeR-package’
Flavors: r-devel-linux-x86_64-debian-clang, r-devel-linux-x86_64-debian-gcc, r-devel-linux-x86_64-fedora-clang, r-devel-linux-x86_64-fedora-gcc, r-devel-windows-x86_64, r-patched-linux-x86_64
Version: 0.9.4-2
Check: dependencies in R code
Result: NOTE
Namespaces in Imports field not imported from:
‘knitr’ ‘rmarkdown’
All declared Imports should be used.
Flavors: r-devel-linux-x86_64-fedora-clang, r-devel-linux-x86_64-fedora-gcc, r-oldrel-macos-arm64
Version: 0.9.4-2
Check: whether package can be installed
Result: ERROR
Installation failed.
Flavor: r-release-macos-arm64