Last updated on 2025-04-17 01:51:22 CEST.
Flavor | Version | Tinstall | Tcheck | Ttotal | Status | Flags |
---|---|---|---|---|---|---|
r-devel-linux-x86_64-debian-clang | 2.0.4 | 44.33 | 46.76 | 91.09 | OK | |
r-devel-linux-x86_64-debian-gcc | 2.0.4 | 31.31 | 36.03 | 67.34 | OK | |
r-devel-linux-x86_64-fedora-clang | 2.0.4 | 191.00 | NOTE | |||
r-devel-linux-x86_64-fedora-gcc | 2.0.4 | 177.74 | NOTE | |||
r-devel-windows-x86_64 | 2.0.4 | 59.00 | 100.00 | 159.00 | OK | |
r-patched-linux-x86_64 | 2.0.4 | 46.05 | 45.78 | 91.83 | OK | |
r-release-linux-x86_64 | 2.0.4 | 45.21 | 45.87 | 91.08 | OK | |
r-release-macos-arm64 | 2.0.4 | 95.00 | OK | |||
r-release-macos-x86_64 | 2.0.4 | 147.00 | OK | |||
r-release-windows-x86_64 | 2.0.4 | 60.00 | 104.00 | 164.00 | OK | |
r-oldrel-macos-arm64 | 2.0.4 | 80.00 | OK | |||
r-oldrel-macos-x86_64 | 2.0.4 | 181.00 | OK | |||
r-oldrel-windows-x86_64 | 2.0.4 | 68.00 | 109.00 | 177.00 | OK |
Version: 2.0.4
Check: compiled code
Result: NOTE
File ‘hsphase/libs/hsphase.so’:
Found no calls to: ‘R_registerRoutines’, ‘R_useDynamicSymbols’
It is good practice to register native routines and to disable symbol
search.
See ‘Writing portable packages’ in the ‘Writing R Extensions’ manual.
Flavors: r-devel-linux-x86_64-fedora-clang, r-devel-linux-x86_64-fedora-gcc