Last updated on 2024-04-23 01:57:02 CEST.
Flavor | Version | Tinstall | Tcheck | Ttotal | Status | Flags |
---|---|---|---|---|---|---|
r-devel-linux-x86_64-debian-clang | 0.8.2 | 542.70 | 191.64 | 734.34 | OK | |
r-devel-linux-x86_64-debian-gcc | 0.8.2 | 537.90 | 176.86 | 714.76 | OK | |
r-devel-linux-x86_64-fedora-clang | 0.8.2 | 950.20 | NOTE | |||
r-devel-linux-x86_64-fedora-gcc | 0.8.2 | 1279.53 | NOTE | |||
r-prerel-macos-arm64 | 0.8.2 | 227.00 | NOTE | |||
r-prerel-windows-x86_64 | 0.8.2 | 428.00 | 238.00 | 666.00 | OK | |
r-patched-linux-x86_64 | 0.8.2 | 450.18 | 219.31 | 669.49 | OK | |
r-release-linux-x86_64 | 0.8.2 | 491.05 | 213.72 | 704.77 | OK | |
r-release-macos-arm64 | 0.8.2 | 212.00 | NOTE | |||
r-release-macos-x86_64 | 0.8.2 | 263.00 | NOTE | |||
r-release-windows-x86_64 | 0.8.2 | 568.00 | 302.00 | 870.00 | OK | |
r-oldrel-macos-arm64 | 0.8.2 | 209.00 | NOTE | |||
r-oldrel-windows-x86_64 | 0.8.2 | 557.00 | 281.00 | 838.00 | OK |
Version: 0.8.2
Check: installed package size
Result: NOTE
installed size is 5.2Mb
sub-directories of 1Mb or more:
libs 4.7Mb
Flavors: r-devel-linux-x86_64-fedora-clang, r-prerel-macos-arm64, r-release-macos-arm64, r-release-macos-x86_64, r-oldrel-macos-arm64
Version: 0.8.2
Check: for GNU extensions in Makefiles
Result: NOTE
GNU make is a SystemRequirements.
Flavors: r-devel-linux-x86_64-fedora-clang, r-devel-linux-x86_64-fedora-gcc, r-prerel-macos-arm64, r-release-macos-arm64, r-release-macos-x86_64, r-oldrel-macos-arm64