CRAN Package Check Results for Package httpuv

Last updated on 2022-05-29 02:49:00 CEST.

Flavor Version Tinstall Tcheck Ttotal Status Flags
r-devel-linux-x86_64-debian-clang 1.6.5 201.76 51.59 253.35 NOTE
r-devel-linux-x86_64-debian-gcc 1.6.5 163.40 41.55 204.95 NOTE
r-devel-linux-x86_64-fedora-clang 1.6.5 425.35 NOTE
r-devel-linux-x86_64-fedora-gcc 1.6.5 367.88 NOTE
r-devel-windows-x86_64 1.6.5 260.00 112.00 372.00 NOTE
r-patched-linux-x86_64 1.6.5 179.40 50.28 229.68 NOTE
r-release-linux-x86_64 1.6.5 180.77 51.06 231.83 NOTE
r-release-macos-arm64 1.6.5 124.00 NOTE
r-release-macos-x86_64 1.6.5 185.00 NOTE
r-release-windows-x86_64 1.6.5 275.00 137.00 412.00 NOTE
r-oldrel-macos-arm64 1.6.5 133.00 NOTE
r-oldrel-macos-x86_64 1.6.5 194.00 NOTE
r-oldrel-windows-ix86+x86_64 1.6.5 586.00 111.00 697.00 NOTE

Check Details

Version: 1.6.5
Check: for GNU extensions in Makefiles
Result: NOTE
    GNU make is a SystemRequirements.
Flavors: r-devel-linux-x86_64-debian-clang, r-devel-linux-x86_64-debian-gcc, r-devel-linux-x86_64-fedora-clang, r-devel-linux-x86_64-fedora-gcc, r-devel-windows-x86_64, r-patched-linux-x86_64, r-release-linux-x86_64, r-release-macos-arm64, r-release-macos-x86_64, r-release-windows-x86_64, r-oldrel-macos-arm64, r-oldrel-macos-x86_64, r-oldrel-windows-ix86+x86_64

Version: 1.6.5
Check: installed package size
Result: NOTE
     installed size is 6.7Mb
     sub-directories of 1Mb or more:
     libs 6.3Mb
Flavors: r-devel-linux-x86_64-fedora-clang, r-release-macos-arm64, r-release-macos-x86_64, r-oldrel-macos-arm64, r-oldrel-macos-x86_64