Last updated on 2024-04-23 01:57:02 CEST.
Flavor | Version | Tinstall | Tcheck | Ttotal | Status | Flags |
---|---|---|---|---|---|---|
r-devel-linux-x86_64-debian-clang | 3.0.3 | 70.01 | 48.50 | 118.51 | OK | |
r-devel-linux-x86_64-debian-gcc | 3.0.3 | 52.00 | 42.70 | 94.70 | OK | |
r-devel-linux-x86_64-fedora-clang | 3.0.3 | 199.62 | OK | |||
r-devel-linux-x86_64-fedora-gcc | 3.0.3 | 200.09 | OK | |||
r-prerel-macos-arm64 | 3.0.3 | 57.00 | NOTE | |||
r-prerel-windows-x86_64 | 3.0.3 | 62.00 | 93.00 | 155.00 | OK | |
r-patched-linux-x86_64 | 3.0.3 | 80.35 | 53.69 | 134.04 | OK | |
r-release-linux-x86_64 | 3.0.3 | 73.25 | 53.11 | 126.36 | OK | |
r-release-macos-arm64 | 3.0.3 | 85.00 | NOTE | |||
r-release-macos-x86_64 | 3.0.3 | 154.00 | NOTE | |||
r-release-windows-x86_64 | 3.0.3 | 68.00 | 102.00 | 170.00 | OK | |
r-oldrel-macos-arm64 | 3.0.3 | 81.00 | NOTE | |||
r-oldrel-windows-x86_64 | 3.0.3 | 68.00 | 104.00 | 172.00 | OK |
Version: 3.0.3
Check: installed package size
Result: NOTE
installed size is 7.9Mb
sub-directories of 1Mb or more:
dict 1.5Mb
libs 5.3Mb
Flavors: r-prerel-macos-arm64, r-release-macos-arm64, r-release-macos-x86_64, r-oldrel-macos-arm64