Last updated on 2023-05-29 01:56:53 CEST.
Flavor | Version | Tinstall | Tcheck | Ttotal | Status | Flags |
---|---|---|---|---|---|---|
r-devel-linux-x86_64-debian-clang | 0.5.3 | 44.96 | 428.62 | 473.58 | OK | |
r-devel-linux-x86_64-debian-gcc | 0.5.3 | 35.43 | 322.85 | 358.28 | OK | |
r-devel-linux-x86_64-fedora-clang | 0.5.3 | 569.66 | NOTE | |||
r-devel-linux-x86_64-fedora-gcc | 0.5.3 | 567.31 | OK | |||
r-devel-windows-x86_64 | 0.5.3 | 35.00 | 277.00 | 312.00 | OK | |
r-patched-linux-x86_64 | 0.5.3 | 38.30 | 410.58 | 448.88 | OK | |
r-release-linux-x86_64 | 0.5.3 | 40.94 | 414.46 | 455.40 | OK | |
r-release-macos-arm64 | 0.5.3 | 274.00 | OK | |||
r-release-macos-x86_64 | 0.5.3 | 423.00 | OK | |||
r-release-windows-x86_64 | 0.5.3 | 48.00 | 393.00 | 441.00 | OK | |
r-oldrel-macos-arm64 | 0.5.3 | 249.00 | OK | |||
r-oldrel-macos-x86_64 | 0.5.3 | 290.00 | OK | |||
r-oldrel-windows-x86_64 | 0.5.3 | 48.00 | 364.00 | 412.00 | OK |
Version: 0.5.3
Check: Rd cross-references
Result: NOTE
Undeclared package ‘sp’ in Rd xrefs
Flavor: r-devel-linux-x86_64-fedora-clang