CRAN Package Check Results for Package hydra

Last updated on 2025-05-29 02:50:51 CEST.

Flavor Version Tinstall Tcheck Ttotal Status Flags
r-devel-linux-x86_64-debian-clang 0.1.0 1.97 22.35 24.32 NOTE
r-devel-linux-x86_64-debian-gcc 0.1.0 1.60 18.19 19.79 NOTE
r-devel-linux-x86_64-fedora-clang 0.1.0 38.05 OK
r-devel-linux-x86_64-fedora-gcc 0.1.0 36.23 OK
r-devel-windows-x86_64 0.1.0 3.00 44.00 47.00 OK
r-patched-linux-x86_64 0.1.0 2.00 21.45 23.45 OK
r-release-linux-x86_64 0.1.0 2.06 21.64 23.70 OK
r-release-macos-arm64 0.1.0 15.00 OK
r-release-macos-x86_64 0.1.0 27.00 OK
r-release-windows-x86_64 0.1.0 4.00 50.00 54.00 OK
r-oldrel-macos-arm64 0.1.0 17.00 OK
r-oldrel-macos-x86_64 0.1.0 23.00 OK
r-oldrel-windows-x86_64 0.1.0 3.00 49.00 52.00 OK

Check Details

Version: 0.1.0
Check: CRAN incoming feasibility
Result: NOTE Maintainer: ‘Martin Keller-Ressel <martin.keller-ressel@tu-dresden.de>’ No Authors@R field in DESCRIPTION. Please add one, modifying Authors@R: person(given = "Martin", family = "Keller-Ressel", role = c("aut", "cre"), email = "martin.keller-ressel@tu-dresden.de") as necessary. The Description field contains <arXiv:1903.08977>. Please refer to arXiv e-prints via their arXiv DOI <doi:10.48550/arXiv.YYMM.NNNNN>. Flavors: r-devel-linux-x86_64-debian-clang, r-devel-linux-x86_64-debian-gcc