Last updated on 2024-04-18 01:55:19 CEST.
Flavor | Version | Tinstall | Tcheck | Ttotal | Status | Flags |
---|---|---|---|---|---|---|
r-devel-linux-x86_64-debian-clang | 0.1.0 | 20.89 | 120.86 | 141.75 | NOTE | |
r-devel-linux-x86_64-debian-gcc | 0.1.0 | 17.73 | 129.40 | 147.13 | NOTE | |
r-devel-linux-x86_64-fedora-clang | 0.1.0 | 247.87 | NOTE | |||
r-devel-linux-x86_64-fedora-gcc | 0.1.0 | 240.58 | NOTE | |||
r-prerel-macos-arm64 | 0.1.0 | 70.00 | NOTE | |||
r-prerel-windows-x86_64 | 0.1.0 | 18.00 | 140.00 | 158.00 | NOTE | |
r-patched-linux-x86_64 | 0.1.0 | 22.70 | 111.11 | 133.81 | NOTE | |
r-release-linux-x86_64 | 0.1.0 | 14.26 | 111.43 | 125.69 | NOTE | |
r-release-macos-arm64 | 0.1.0 | 72.00 | NOTE | |||
r-release-macos-x86_64 | 0.1.0 | 117.00 | NOTE | |||
r-release-windows-x86_64 | 0.1.0 | 23.00 | 181.00 | 204.00 | NOTE | |
r-oldrel-macos-arm64 | 0.1.0 | 60.00 | NOTE | |||
r-oldrel-windows-x86_64 | 0.1.0 | 23.00 | 170.00 | 193.00 | NOTE |
Version: 0.1.0
Check: LazyData
Result: NOTE
'LazyData' is specified without a 'data' directory
Flavors: r-devel-linux-x86_64-debian-clang, r-devel-linux-x86_64-debian-gcc, r-devel-linux-x86_64-fedora-clang, r-devel-linux-x86_64-fedora-gcc, r-prerel-macos-arm64, r-prerel-windows-x86_64, r-patched-linux-x86_64, r-release-linux-x86_64, r-release-macos-arm64, r-release-macos-x86_64, r-release-windows-x86_64, r-oldrel-macos-arm64, r-oldrel-windows-x86_64
Version: 0.1.0
Check: installed package size
Result: NOTE
installed size is 5.3Mb
sub-directories of 1Mb or more:
extdata 4.8Mb
Flavors: r-devel-linux-x86_64-fedora-clang, r-prerel-macos-arm64, r-prerel-windows-x86_64, r-release-macos-arm64, r-release-macos-x86_64, r-release-windows-x86_64, r-oldrel-macos-arm64, r-oldrel-windows-x86_64