Last updated on 2024-04-26 01:53:09 CEST.
Flavor | Version | Tinstall | Tcheck | Ttotal | Status | Flags |
---|---|---|---|---|---|---|
r-devel-linux-x86_64-debian-clang | 1.1.2 | 112.42 | 122.53 | 234.95 | OK | |
r-devel-linux-x86_64-debian-gcc | 1.1.2 | 81.88 | 141.36 | 223.24 | OK | |
r-devel-linux-x86_64-fedora-clang | 1.1.2 | 395.17 | NOTE | |||
r-devel-linux-x86_64-fedora-gcc | 1.1.2 | 396.36 | OK | |||
r-devel-windows-x86_64 | 1.1.2 | 83.00 | 180.00 | 263.00 | NOTE | |
r-patched-linux-x86_64 | 1.1.2 | 71.83 | 124.75 | 196.58 | OK | |
r-release-linux-x86_64 | 1.1.2 | 73.00 | 115.88 | 188.88 | OK | |
r-release-macos-arm64 | 1.1.2 | 123.00 | NOTE | |||
r-release-windows-x86_64 | 1.1.2 | 73.00 | 182.00 | 255.00 | NOTE | |
r-oldrel-macos-arm64 | 1.1.2 | 122.00 | NOTE | |||
r-oldrel-macos-x86_64 | 1.1.2 | 179.00 | NOTE | |||
r-oldrel-windows-x86_64 | 1.1.2 | 103.00 | 227.00 | 330.00 | NOTE |
Version: 1.1.2
Check: installed package size
Result: NOTE
installed size is 6.5Mb
sub-directories of 1Mb or more:
extdata 5.5Mb
Flavors: r-devel-linux-x86_64-fedora-clang, r-devel-windows-x86_64, r-release-macos-arm64, r-release-windows-x86_64, r-oldrel-macos-arm64, r-oldrel-macos-x86_64, r-oldrel-windows-x86_64